{"id":4832,"date":"2022-05-31T11:32:45","date_gmt":"2022-05-31T09:32:45","guid":{"rendered":"https:\/\/universitetipolis.edu.al\/?page_id=4832"},"modified":"2026-03-19T14:20:51","modified_gmt":"2026-03-19T13:20:51","slug":"organigrama","status":"publish","type":"page","link":"https:\/\/universitetipolis.edu.al\/?page_id=4832","title":{"rendered":"Organigrama"},"content":{"rendered":"\t\t<div data-elementor-type=\"wp-page\" data-elementor-id=\"4832\" class=\"elementor elementor-4832\" data-elementor-post-type=\"page\">\n\t\t\t\t\t\t<section class=\"elementor-section elementor-top-section elementor-element elementor-element-2fbfc93 elementor-section-boxed elementor-section-gap-beside-yes elementor-section-height-default elementor-section-height-default elementor-section-column-vertical-align-stretch\" data-id=\"2fbfc93\" data-element_type=\"section\" data-e-type=\"section\">\n\t\t\t\t\t\t<div class=\"elementor-container elementor-column-gap-extended\">\n\t\t\t\t\t<div class=\"elementor-column elementor-col-100 elementor-top-column elementor-element elementor-element-f1328be\" data-id=\"f1328be\" data-element_type=\"column\" data-e-type=\"column\">\n\t\t\t<div class=\"elementor-widget-wrap elementor-element-populated\">\n\t\t\t\t\t\t<div class=\"elementor-element elementor-element-26896d6 elementor-widget elementor-widget-text-editor\" data-id=\"26896d6\" data-element_type=\"widget\" data-e-type=\"widget\" data-widget_type=\"text-editor.default\">\n\t\t\t\t<div class=\"elementor-widget-container\">\n\t\t\t\t\t\t\t\t\t<p>Universiteti POLIS \u00ebsht\u00eb nj\u00eb institucion i vet\u00ebfinancuar dhe me p\u00ebrgjegj\u00ebsi t\u00eb forta sociale. Themeluesit jan\u00eb nj\u00eb grup i spikatur profesionist\u00ebsh shqiptar\u00eb, aktivist\u00eb t\u00eb shoq\u00ebris\u00eb civile dhe akademik\u0451, q\u00eb synojn\u00eb krijimin e \u201cmas\u00ebs kritike\u201d t\u00eb ekspert\u00ebve dhe liderave t\u00eb sip\u00ebrmarrjes private dhe administrimit publik, t\u00eb aft\u00eb p\u00ebr t\u00eb shtyr\u00eb Shqip\u00ebrin\u00eb dhe rajonin drejt BE-s\u00eb dhe trendeve globale.<\/p>\n<p>Universiteti ka n\u00eb p\u00ebrb\u00ebrje: 3 Fakultete, 6 Departamente, 3 Q\u00ebndra:&nbsp;<span style=\"letter-spacing: 0em;\">nj\u00eb nj\u00ebsi nd\u00ebr-departamentale<\/span><span style=\"letter-spacing: 0em;\">&nbsp;<\/span><a href=\"https:\/\/universitetipolis.edu.al\/innovation-factory\/\" target=\"_blank\" rel=\"noopener\" style=\"letter-spacing: 0em; background-color: rgb(255, 255, 255);\"><span style=\"font-weight: 700;\"><u>Q\u00ebndra Studimore Nd\u00ebrdisiplinore K\u00ebrkimore e Inovacionit<\/u><\/span><\/a><span style=\"letter-spacing: 0em;\">&nbsp;(IF), nj\u00eb<\/span><span style=\"letter-spacing: 0em;\">&nbsp;<\/span><a href=\"https:\/\/universitetipolis.edu.al\/omb\/\" target=\"_blank\" rel=\"noopener\" style=\"letter-spacing: 0em; background-color: rgb(255, 255, 255);\"><span style=\"font-weight: 700;\"><u>Q\u00ebnd\u00ebr Ekselence t\u00eb UNECE<\/u><\/span><\/a><span style=\"letter-spacing: 0em;\">&nbsp;<\/span><span style=\"letter-spacing: 0em;\">(OMB),<\/span><span style=\"letter-spacing: 0em;\">&nbsp;dhe 3 Partner\u00eb Strategjik\u00eb K\u00ebrkimor, t\u00eb vendosur n\u00eb kampusin e U_POLIS: <\/span><a href=\"https:\/\/www.co-plan.org\/\" target=\"_blank\" rel=\"noopener\" style=\"background-color: rgb(255, 255, 255); letter-spacing: 0em;\"><strong><u>Instituti p\u0451r Zhvillimin e Habitatit<\/u><\/strong><\/a><span style=\"letter-spacing: 0em;\"> (Co-Plan); <\/span><a href=\"https:\/\/metropolis.al\/\" target=\"_blank\" rel=\"noopener\" style=\"background-color: rgb(255, 255, 255); letter-spacing: 0em;\"><strong><u>Studio e Arkitektur\u00ebs dhe Projektimit Urban<\/u><\/strong><\/a><span style=\"letter-spacing: 0em;\"> (Metro_POLIS); si dhe partneri n\u0451 mbrojtje t\u00eb t\u0451 drejtave t\u0451 profesionit AUA &#8211; <\/span><a href=\"https:\/\/unioniiarkitekteve.org\/\" target=\"_blank\" rel=\"noopener\" style=\"background-color: rgb(255, 255, 255); letter-spacing: 0em;\"><strong><u>Unioni i Arkitekt\u0451ve, Urbanist\u0451ve dhe Planifikuesve Urban\u0451<\/u><\/strong><\/a><span style=\"letter-spacing: 0em;\">.<\/span><\/p>\t\t\t\t\t\t\t\t<\/div>\n\t\t\t\t<\/div>\n\t\t\t\t\t<\/div>\n\t\t<\/div>\n\t\t\t\t\t<\/div>\n\t\t<\/section>\n\t\t\t\t<section class=\"elementor-section elementor-top-section elementor-element elementor-element-5b18c97 elementor-section-boxed elementor-section-gap-beside-yes elementor-section-height-default elementor-section-height-default elementor-section-column-vertical-align-stretch\" data-id=\"5b18c97\" data-element_type=\"section\" data-e-type=\"section\">\n\t\t\t\t\t\t<div class=\"elementor-container elementor-column-gap-extended\">\n\t\t\t\t\t<div class=\"elementor-column elementor-col-100 elementor-top-column elementor-element elementor-element-86a4504\" data-id=\"86a4504\" data-element_type=\"column\" data-e-type=\"column\">\n\t\t\t<div class=\"elementor-widget-wrap elementor-element-populated\">\n\t\t\t\t\t\t<div class=\"elementor-element elementor-element-111794a elementor-widget elementor-widget-image\" data-id=\"111794a\" data-element_type=\"widget\" data-e-type=\"widget\" data-widget_type=\"image.default\">\n\t\t\t\t<div class=\"elementor-widget-container\">\n\t\t\t\t\t\t\t\t\t\t\t\t\t\t\t\t<a href=\"https:\/\/universitetipolis.edu.al\/wp-content\/uploads\/2026\/03\/organigrama-2026-scaled.png\" data-elementor-open-lightbox=\"yes\" data-elementor-lightbox-title=\"organigrama 2026\" data-e-action-hash=\"#elementor-action%3Aaction%3Dlightbox%26settings%3DeyJpZCI6MzE0OTMsInVybCI6Imh0dHBzOlwvXC91bml2ZXJzaXRldGlwb2xpcy5lZHUuYWxcL3dwLWNvbnRlbnRcL3VwbG9hZHNcLzIwMjZcLzAzXC9vcmdhbmlncmFtYS0yMDI2LXNjYWxlZC5wbmcifQ%3D%3D\">\n\t\t\t\t\t\t\t<img fetchpriority=\"high\" decoding=\"async\" width=\"2560\" height=\"1773\" src=\"https:\/\/universitetipolis.edu.al\/wp-content\/uploads\/2026\/03\/organigrama-2026-scaled.png\" class=\"attachment-full size-full wp-image-31493\" alt=\"\" srcset=\"https:\/\/universitetipolis.edu.al\/wp-content\/uploads\/2026\/03\/organigrama-2026-scaled.png 2560w, https:\/\/universitetipolis.edu.al\/wp-content\/uploads\/2026\/03\/organigrama-2026-300x208.png 300w, https:\/\/universitetipolis.edu.al\/wp-content\/uploads\/2026\/03\/organigrama-2026-1024x709.png 1024w, https:\/\/universitetipolis.edu.al\/wp-content\/uploads\/2026\/03\/organigrama-2026-768x532.png 768w, https:\/\/universitetipolis.edu.al\/wp-content\/uploads\/2026\/03\/organigrama-2026-1536x1064.png 1536w, https:\/\/universitetipolis.edu.al\/wp-content\/uploads\/2026\/03\/organigrama-2026-2048x1419.png 2048w\" sizes=\"(max-width: 2560px) 100vw, 2560px\" \/>\t\t\t\t\t\t\t\t<\/a>\n\t\t\t\t\t\t\t\t\t\t\t\t\t\t\t<\/div>\n\t\t\t\t<\/div>\n\t\t\t\t\t<\/div>\n\t\t<\/div>\n\t\t\t\t\t<\/div>\n\t\t<\/section>\n\t\t\t\t<\/div>\n\t\t","protected":false},"excerpt":{"rendered":"<p>Universiteti POLIS \u00ebsht\u00eb nj\u00eb institucion i vet\u00ebfinancuar dhe me p\u00ebrgjegj\u00ebsi t\u00eb forta sociale. Themeluesit jan\u00eb nj\u00eb grup i spikatur profesionist\u00ebsh shqiptar\u00eb, aktivist\u00eb t\u00eb shoq\u00ebris\u00eb civile dhe akademik\u0451, q\u00eb synojn\u00eb krijimin e \u201cmas\u00ebs kritike\u201d t\u00eb ekspert\u00ebve dhe liderave t\u00eb sip\u00ebrmarrjes private dhe administrimit publik, t\u00eb aft\u00eb p\u00ebr t\u00eb shtyr\u00eb Shqip\u00ebrin\u00eb dhe rajonin drejt BE-s\u00eb dhe trendeve globale. Universiteti ka n\u00eb p\u00ebrb\u00ebrje: 3 Fakultete, 6 Departamente, 3 Q\u00ebndra:&nbsp;nj\u00eb nj\u00ebsi nd\u00ebr-departamentale&nbsp;Q\u00ebndra Studimore Nd\u00ebrdisiplinore K\u00ebrkimore e Inovacionit&nbsp;(IF), nj\u00eb&nbsp;Q\u00ebnd\u00ebr Ekselence t\u00eb UNECE&nbsp;(OMB),&nbsp;dhe 3 Partner\u00eb Strategjik\u00eb K\u00ebrkimor, t\u00eb vendosur n\u00eb kampusin e U_POLIS: Instituti p\u0451r Zhvillimin e Habitatit (Co-Plan); Studio e Arkitektur\u00ebs dhe Projektimit Urban (Metro_POLIS); si dhe partneri n\u0451 mbrojtje t\u00eb t\u0451 drejtave t\u0451 profesionit AUA &#8211; Unioni i Arkitekt\u0451ve, Urbanist\u0451ve dhe Planifikuesve Urban\u0451.<\/p>\n","protected":false},"author":3,"featured_media":0,"parent":0,"menu_order":0,"comment_status":"closed","ping_status":"closed","template":"","meta":{"footnotes":""},"class_list":["post-4832","page","type-page","status-publish","hentry","post-no-thumbnail"],"_links":{"self":[{"href":"https:\/\/universitetipolis.edu.al\/index.php?rest_route=\/wp\/v2\/pages\/4832","targetHints":{"allow":["GET"]}}],"collection":[{"href":"https:\/\/universitetipolis.edu.al\/index.php?rest_route=\/wp\/v2\/pages"}],"about":[{"href":"https:\/\/universitetipolis.edu.al\/index.php?rest_route=\/wp\/v2\/types\/page"}],"author":[{"embeddable":true,"href":"https:\/\/universitetipolis.edu.al\/index.php?rest_route=\/wp\/v2\/users\/3"}],"replies":[{"embeddable":true,"href":"https:\/\/universitetipolis.edu.al\/index.php?rest_route=%2Fwp%2Fv2%2Fcomments&post=4832"}],"version-history":[{"count":25,"href":"https:\/\/universitetipolis.edu.al\/index.php?rest_route=\/wp\/v2\/pages\/4832\/revisions"}],"predecessor-version":[{"id":31557,"href":"https:\/\/universitetipolis.edu.al\/index.php?rest_route=\/wp\/v2\/pages\/4832\/revisions\/31557"}],"wp:attachment":[{"href":"https:\/\/universitetipolis.edu.al\/index.php?rest_route=%2Fwp%2Fv2%2Fmedia&parent=4832"}],"curies":[{"name":"wp","href":"https:\/\/api.w.org\/{rel}","templated":true}]}}