{"id":3709,"date":"2022-05-10T11:02:40","date_gmt":"2022-05-10T09:02:40","guid":{"rendered":"https:\/\/universitetipolis.edu.al\/?page_id=3709"},"modified":"2023-06-09T21:05:29","modified_gmt":"2023-06-09T19:05:29","slug":"ekzekutiv","status":"publish","type":"page","link":"https:\/\/universitetipolis.edu.al\/?page_id=3709","title":{"rendered":"Ekzekutiv"},"content":{"rendered":"\t\t<div data-elementor-type=\"wp-page\" data-elementor-id=\"3709\" class=\"elementor elementor-3709\" data-elementor-post-type=\"page\">\n\t\t\t\t\t\t<section class=\"elementor-section elementor-top-section elementor-element elementor-element-55854ad elementor-section-boxed elementor-section-gap-beside-yes elementor-section-height-default elementor-section-height-default elementor-section-column-vertical-align-stretch\" data-id=\"55854ad\" data-element_type=\"section\" data-e-type=\"section\">\n\t\t\t\t\t\t<div class=\"elementor-container elementor-column-gap-default\">\n\t\t\t\t\t<div class=\"elementor-column elementor-col-100 elementor-top-column elementor-element elementor-element-f9f8ecf\" data-id=\"f9f8ecf\" data-element_type=\"column\" data-e-type=\"column\">\n\t\t\t<div class=\"elementor-widget-wrap elementor-element-populated\">\n\t\t\t\t\t\t<section class=\"elementor-section elementor-inner-section elementor-element elementor-element-4ecb308 elementor-section-boxed elementor-section-gap-beside-yes elementor-section-height-default elementor-section-height-default elementor-section-column-vertical-align-stretch\" data-id=\"4ecb308\" data-element_type=\"section\" data-e-type=\"section\">\n\t\t\t\t\t\t<div class=\"elementor-container elementor-column-gap-extended\">\n\t\t\t\t\t<div class=\"elementor-column elementor-col-50 elementor-inner-column elementor-element elementor-element-b136647\" data-id=\"b136647\" data-element_type=\"column\" data-e-type=\"column\">\n\t\t\t<div class=\"elementor-widget-wrap elementor-element-populated\">\n\t\t\t\t\t\t<div class=\"elementor-element elementor-element-edab23f elementor-widget elementor-widget-image\" data-id=\"edab23f\" data-element_type=\"widget\" data-e-type=\"widget\" data-widget_type=\"image.default\">\n\t\t\t\t<div class=\"elementor-widget-container\">\n\t\t\t\t\t\t\t\t\t\t\t\t\t\t\t\t<a href=\"https:\/\/www.unife.it\/en?set_language=en\" target=\"_blank\" rel=\"nofollow\">\n\t\t\t\t\t\t\t<img decoding=\"async\" width=\"150\" height=\"150\" src=\"https:\/\/universitetipolis.edu.al\/wp-content\/uploads\/2023\/02\/unife-150x150.png\" class=\"attachment-thumbnail size-thumbnail wp-image-15463\" alt=\"\" srcset=\"https:\/\/universitetipolis.edu.al\/wp-content\/uploads\/2023\/02\/unife-150x150.png 150w, https:\/\/universitetipolis.edu.al\/wp-content\/uploads\/2023\/02\/unife-100x100.png 100w, https:\/\/universitetipolis.edu.al\/wp-content\/uploads\/2023\/02\/unife.png 160w\" sizes=\"(max-width: 150px) 100vw, 150px\" \/>\t\t\t\t\t\t\t\t<\/a>\n\t\t\t\t\t\t\t\t\t\t\t\t\t\t\t<\/div>\n\t\t\t\t<\/div>\n\t\t\t\t\t<\/div>\n\t\t<\/div>\n\t\t\t\t<div class=\"elementor-column elementor-col-50 elementor-inner-column elementor-element elementor-element-8a04fcb\" data-id=\"8a04fcb\" data-element_type=\"column\" data-e-type=\"column\">\n\t\t\t<div class=\"elementor-widget-wrap elementor-element-populated\">\n\t\t\t\t\t\t<div class=\"elementor-element elementor-element-321926d elementor-widget elementor-widget-image\" data-id=\"321926d\" data-element_type=\"widget\" data-e-type=\"widget\" data-widget_type=\"image.default\">\n\t\t\t\t<div class=\"elementor-widget-container\">\n\t\t\t\t\t\t\t\t\t\t\t\t\t\t\t<img decoding=\"async\" width=\"109\" height=\"136\" src=\"https:\/\/universitetipolis.edu.al\/wp-content\/uploads\/2022\/05\/Universiteti_Polis.svg_x136.png\" class=\"attachment-thumbnail size-thumbnail wp-image-3440\" alt=\"\" \/>\t\t\t\t\t\t\t\t\t\t\t\t\t\t\t<\/div>\n\t\t\t\t<\/div>\n\t\t\t\t\t<\/div>\n\t\t<\/div>\n\t\t\t\t\t<\/div>\n\t\t<\/section>\n\t\t\t\t\t<\/div>\n\t\t<\/div>\n\t\t\t\t\t<\/div>\n\t\t<\/section>\n\t\t\t\t<section class=\"elementor-section elementor-top-section elementor-element elementor-element-1220745 elementor-section-boxed elementor-section-gap-beside-yes elementor-section-height-default elementor-section-height-default elementor-section-column-vertical-align-stretch\" data-id=\"1220745\" data-element_type=\"section\" data-e-type=\"section\">\n\t\t\t\t\t\t<div class=\"elementor-container elementor-column-gap-extended\">\n\t\t\t\t\t<div class=\"elementor-column elementor-col-100 elementor-top-column elementor-element elementor-element-c5c0cf4\" data-id=\"c5c0cf4\" data-element_type=\"column\" data-e-type=\"column\">\n\t\t\t<div class=\"elementor-widget-wrap elementor-element-populated\">\n\t\t\t\t\t\t<div class=\"elementor-element elementor-element-8e2e404 elementor-widget elementor-widget-text-editor\" data-id=\"8e2e404\" data-element_type=\"widget\" data-e-type=\"widget\" data-widget_type=\"text-editor.default\">\n\t\t\t\t<div class=\"elementor-widget-container\">\n\t\t\t\t\t\t\t\t\t<p>Programi i studimeve Master Ekzekutiv n\u00eb Restaurim, Konservim dhe Valorizim t\u00eb Trash\u00ebgimis\u00eb Kulturore, \u00ebsht\u00eb formim Pauniversitar i cili organizohet nga Universiteti POLIS n\u00eb bashk\u00ebpunim me <a href=\"http:\/\/architettura.unife.it\/it\/post-laurea\/master-in-restoration-conservation-and-valorization-of-cultural-heritage\" target=\"_blank\" rel=\"noopener\">Universitetin e Ferrar\u00ebs<\/a>, Itali, me mb\u00ebshtetjen e <a href=\"http:\/\/iktk.gov.al\/site\/\" target=\"_blank\" rel=\"noopener\">Institutit Komb\u00ebtar t\u00eb Trash\u00ebgimis\u00eb Kulturore, Drejtorive Rajonale t\u00eb Trash\u00ebgimive Kulturore<\/a> (Gjirokast\u00ebr, Berat, Kor\u00e7\u00eb), <a href=\"https:\/\/www.unesco.org\/en\" target=\"_blank\" rel=\"noopener\">UNESCO<\/a> dhe NGO-ve si <a href=\"http:\/\/chwb.org\/?lang=en\" target=\"_blank\" rel=\"noopener\">CHwB<\/a>, AHF.<\/p><p>Masteri \u00ebsht\u00eb i licesuar n\u00eb gjuh\u00ebn shqipe, por ka detyrim diplomimi mbrojtjen e 1 nga 5 gjuheve t\u00eb parashikuara me ligj, prefereohet Anglishtja (niveli C1). P\u00ebr m\u00eb tep\u00ebr q\u00eb Anglishtja \u00ebsht\u00eb gjuh\u00eb zyrtare e dyt\u00eb krahas shqipes n\u00eb Polis p\u00ebr shkak t\u00eb nd\u00ebrkomb\u00ebtarizimit dhe preznec\u00ebs s\u00eb stafit t\u00eb huaj.<\/p><p>Programi ka p\u00ebr q\u00ebllim pajisjen e student\u00ebve me njohuri t\u00eb thelluara teorike dhe aft\u00ebsi praktike p\u00ebr t\u00eb garantuar nj\u00eb karrier\u00eb t\u00eb suksesshme ne fush\u00ebn e restaurimit, konservimit dhe t\u00eb vler\u00ebsimit t\u00eb trash\u00ebgimis\u00eb kulturore n\u00eb qendrat urbane dhe n\u00eb zona me karakter t\u00eb fort\u00eb natyror. Ve\u00e7an\u00ebrisht student\u00ebt do t\u00eb jen\u00eb t\u00eb aft\u00eb t\u00eb analizojn\u00eb ne m\u00ebnyre kritike gjendjen ekzistuese t\u00eb trash\u00ebgimis\u00eb kulturore si dhe t\u00eb propozojn\u00eb m\u00eb tej nd\u00ebrhyrjet me t\u00eb p\u00ebshtashme konform me t\u00eb gjitha zhvillimet bashk\u00ebkohore n\u00eb k\u00ebt\u00eb fush\u00eb.<\/p><p>N\u00eb p\u00ebrfundim t\u00eb programit Master Ekzekutiv n\u00eb Restaurim, Konservim dhe Valorizim t\u00eb Trash\u00ebgimis\u00eb Kulturore studenti do t\u00eb jet\u00eb i aft\u00eb t\u00eb:<\/p><ul><li>T\u00eb kuptoj\u00eb, analizoj\u00eb dhe vler\u00ebsoj\u00eb gjendjen aktuale t\u00eb trash\u00ebgimis\u00eb\u00a0dhe problematikat emergjente;<\/li><li>T\u00eb hartoj\u00eb nj\u00eb metodologji t\u00eb p\u00ebrshtatshme studimi dhe bashk\u00ebpunimi me specialist\u00eb n\u00eb fusha t\u00eb ndryshme specifike;<\/li><li>T\u00eb ket\u00eb aft\u00ebsi drejtuese, menaxhuese dhe p\u00ebrgjegjshm\u00ebri n\u00eb ambientin profesional n\u00eb \u00e7do faz\u00eb t\u00eb nj\u00eb nd\u00ebrhyrjeje;<\/li><li>T\u00eb p\u00ebrvet\u00ebsoj\u00eb nj\u00eb m\u00ebnyr\u00eb\u00a0kritike t\u00eb menduari n\u00eb marrjen e vendimeve manaxheriale dhe t\u00eb ket\u00eb aft\u00ebsi efektive komunikuese;<\/li><li>T\u00eb ket\u00eb njohuri t\u00eb plota n\u00eb aspektin teorik dhe praktik t\u00eb fush\u00ebs s\u00eb restaurimit dhe t\u00eb trash\u00ebgimis\u00eb kulturore dhe natyrore;<\/li><li>T\u00eb jet\u00eb i aft\u00eb n\u00eb p\u00ebrdorimin e pajisjeve tradicionale dhe inovative t\u00eb rilevimit dhe t\u00eb teknikave t\u00eb ndryshme t\u00eb restaurimit;<\/li><li>T\u00eb ket\u00eb ndjeshm\u00ebri artistike dhe njohuri inxhinierike;<\/li><li>T\u00eb vler\u00ebsoj\u00eb dhe interpretoj trsh\u00ebgimin\u00eb n\u00eb var\u00ebsi t\u00eb nevojave t\u00eb tregut bashk\u00ebkohor;<\/li><li>T\u00eb ket\u00eb aft\u00ebsi k\u00ebrkimore shkencore.<\/li><\/ul>\t\t\t\t\t\t\t\t<\/div>\n\t\t\t\t<\/div>\n\t\t\t\t\t<\/div>\n\t\t<\/div>\n\t\t\t\t\t<\/div>\n\t\t<\/section>\n\t\t\t\t<section class=\"elementor-section elementor-top-section elementor-element elementor-element-6129fbd elementor-section-boxed elementor-section-gap-beside-yes elementor-section-height-default elementor-section-height-default elementor-section-column-vertical-align-stretch\" data-id=\"6129fbd\" data-element_type=\"section\" data-e-type=\"section\">\n\t\t\t\t\t\t<div class=\"elementor-container elementor-column-gap-extended\">\n\t\t\t\t\t<div class=\"elementor-column elementor-col-50 elementor-top-column elementor-element elementor-element-8cd9d1b\" data-id=\"8cd9d1b\" data-element_type=\"column\" data-e-type=\"column\">\n\t\t\t<div class=\"elementor-widget-wrap elementor-element-populated\">\n\t\t\t\t\t\t<div class=\"elementor-element elementor-element-10a37f3 unicamp-animation-zoom-in unicamp-graphic-position-top elementor-widget elementor-widget-tm-cover-image-box\" data-id=\"10a37f3\" data-element_type=\"widget\" data-e-type=\"widget\" data-widget_type=\"tm-cover-image-box.default\">\n\t\t\t\t<div class=\"elementor-widget-container\">\n\t\t\t\t\t\t\t<a class=\"tm-cover-image-box unicamp-box style-03 link-secret\" href=\"https:\/\/universitetipolis.edu.al\/master-ekzekutiv-ne-restaurim\/\">\t\t<div class=\"content-wrap\">\n\t\t\t\t\t\t\t<div class=\"unicamp-image image\">\n\t\t\t\t\t<img decoding=\"async\"  loading=\"lazy\" src=\"https:\/\/universitetipolis.edu.al\/wp-content\/uploads\/2022\/06\/gjirokastra-696x385-1.webp\" alt=\"gjirokastra-696x385-1\" \/>\t\t\t\t<\/div>\n\t\t\t\t\t\t<div class=\"box-caption-wrap\">\n\t\t\t\t<div class=\"box-caption\">\n\t\t\t\t\t<h3 class=\"title\">RESTAURIM, KONSERVIM DHE VALORIZIM T\u00cb TRASH\u00cbGIMIS\u00cb KULTURORE<\/h3>\n\t\t\t\t\t\n\t\t\t\t\t\t\t\t\t<\/div>\n\t\t\t<\/div>\n\t\t<\/div>\n\t\t<\/a>\t\t\t\t\t\t<\/div>\n\t\t\t\t<\/div>\n\t\t\t\t\t<\/div>\n\t\t<\/div>\n\t\t\t\t<div class=\"elementor-column elementor-col-50 elementor-top-column elementor-element elementor-element-17bca5f\" data-id=\"17bca5f\" data-element_type=\"column\" data-e-type=\"column\">\n\t\t\t<div class=\"elementor-widget-wrap\">\n\t\t\t\t\t\t\t<\/div>\n\t\t<\/div>\n\t\t\t\t\t<\/div>\n\t\t<\/section>\n\t\t\t\t<section class=\"elementor-section elementor-top-section elementor-element elementor-element-6dfb24a elementor-section-boxed elementor-section-gap-beside-yes elementor-section-height-default elementor-section-height-default elementor-section-column-vertical-align-stretch\" data-id=\"6dfb24a\" data-element_type=\"section\" data-e-type=\"section\">\n\t\t\t\t\t\t<div class=\"elementor-container elementor-column-gap-extended\">\n\t\t\t\t\t<div class=\"elementor-column elementor-col-100 elementor-top-column elementor-element elementor-element-0692231\" data-id=\"0692231\" data-element_type=\"column\" data-e-type=\"column\">\n\t\t\t<div class=\"elementor-widget-wrap elementor-element-populated\">\n\t\t\t\t\t\t<div class=\"elementor-element elementor-element-f265bdb unicamp-accordion-style-03 elementor-widget elementor-widget-tm-accordion\" data-id=\"f265bdb\" data-element_type=\"widget\" data-e-type=\"widget\" data-widget_type=\"tm-accordion.default\">\n\t\t\t\t<div class=\"elementor-widget-container\">\n\t\t\t\t\t\t\t<div class=\"unicamp-accordion unicamp-accordion-icon-right\">\n\t\t\t\t\t\t\t<div class=\"accordion-section\">\n\t\t\t\t\t<div class=\"accordion-header\">\n\t\t\t\t\t\t<div class=\"accordion-title-wrapper\">\n\t\t\t\t\t\t\t<h6 class=\"accordion-title\">Tarifat<\/h6>\t\t\t\t\t\t<\/div>\n\t\t\t\t\t\t\t\t\t\t\t\t\t<div class=\"accordion-icons\">\n\t\t\t\t\t\t\t\t<span\n\t\t\t\t\t\t\t\t\tclass=\"accordion-icon opened-icon\"><i class=\"far fa-angle-down\"><\/i><\/span>\n\t\t\t\t\t\t\t\t<span\n\t\t\t\t\t\t\t\t\tclass=\"accordion-icon closed-icon\"><\/span>\n\t\t\t\t\t\t\t<\/div>\n\t\t\t\t\t\t\t\t\t\t\t<\/div>\n\t\t\t\t\t<div class=\"accordion-content\">\n\t\t\t\t\t\t<ul><li>RESTAURO\u00a0 360,000 lek\u00eb \/viti<\/li><\/ul>\t\t\t\t\t<\/div>\n\t\t\t\t<\/div>\n\t\t\t\t\t<\/div>\n\t\t\t\t\t\t<\/div>\n\t\t\t\t<\/div>\n\t\t\t\t<div class=\"elementor-element elementor-element-461a2a5 elementor-widget elementor-widget-text-editor\" data-id=\"461a2a5\" data-element_type=\"widget\" data-e-type=\"widget\" data-widget_type=\"text-editor.default\">\n\t\t\t\t<div class=\"elementor-widget-container\">\n\t\t\t\t\t\t\t\t\t<p><strong><b><u>Pranimi:<\/u><\/b><br \/><\/strong>Aplikant\u00ebt t\u00eb cil\u00ebt jan\u00eb t\u00eb interesuar p\u00ebr t\u00eb vazhduar studimet n\u00eb nj\u00eb nga programet e m\u00ebsip\u00ebrme mund t\u00eb p\u00ebrdorin linkun\u00a0<a href=\"https:\/\/universitetipolis.edu.al\/apliko-ne-universitetin-polis\/\" rel=\"noopener\"><strong>APLIKO\u00a0<\/strong><\/a>n\u00eb t\u00eb cilin mund t\u00eb gjeni informacionin e nevojsh\u00ebm mbi dokumentacionin q\u00eb duhet t\u00eb dor\u00ebzoni dhe procedurat q\u00eb ndiqen p\u00ebr tu b\u00ebr\u00eb pjes\u00eb e Universitetit POLIS.<br \/>Programi \u00ebsht\u00eb <a href=\"https:\/\/universitetipolis.edu.al\/akreditimi\/\" rel=\"noopener\">licensuar<\/a> n\u00eb gjuh\u00ebn shqip. Por p\u00ebr shkak t\u00eb nd\u00ebrkombetarizimit t\u00eb shkoll\u00ebs, dhe prezences s\u00eb stafit cil\u00ebsor t\u00eb huaj, gjuha e dyt\u00eb zyrtare \u00ebsht\u00eb anglishtja. Diplomimi n\u00eb k\u00ebt\u00eb program parashikon sipas ligjit mbrojtjen e nj\u00eb nga 5 gjuh\u00ebve t\u00eb huaja (preferohet anglisht n\u00eb nivelin minimal Toefl B1).<\/p>\t\t\t\t\t\t\t\t<\/div>\n\t\t\t\t<\/div>\n\t\t\t\t\t<\/div>\n\t\t<\/div>\n\t\t\t\t\t<\/div>\n\t\t<\/section>\n\t\t\t\t<section class=\"elementor-section elementor-top-section elementor-element elementor-element-ea5e137 elementor-section-boxed elementor-section-gap-beside-yes elementor-section-height-default elementor-section-height-default elementor-section-column-vertical-align-stretch\" data-id=\"ea5e137\" data-element_type=\"section\" data-e-type=\"section\">\n\t\t\t\t\t\t<div class=\"elementor-container elementor-column-gap-extended\">\n\t\t\t\t\t<div class=\"elementor-column elementor-col-100 elementor-top-column elementor-element elementor-element-c5956f5\" data-id=\"c5956f5\" data-element_type=\"column\" data-e-type=\"column\">\n\t\t\t<div class=\"elementor-widget-wrap\">\n\t\t\t\t\t\t\t<\/div>\n\t\t<\/div>\n\t\t\t\t\t<\/div>\n\t\t<\/section>\n\t\t\t\t<\/div>\n\t\t","protected":false},"excerpt":{"rendered":"<p>Programi i studimeve Master Ekzekutiv n\u00eb Restaurim, Konservim dhe Valorizim t\u00eb Trash\u00ebgimis\u00eb Kulturore, \u00ebsht\u00eb formim Pauniversitar i cili organizohet nga Universiteti POLIS n\u00eb bashk\u00ebpunim me Universitetin e Ferrar\u00ebs, Itali, me mb\u00ebshtetjen e Institutit Komb\u00ebtar t\u00eb Trash\u00ebgimis\u00eb Kulturore, Drejtorive Rajonale t\u00eb Trash\u00ebgimive Kulturore (Gjirokast\u00ebr, Berat, Kor\u00e7\u00eb), UNESCO dhe NGO-ve si CHwB, AHF. Masteri \u00ebsht\u00eb i licesuar n\u00eb gjuh\u00ebn shqipe, por ka detyrim diplomimi mbrojtjen e 1 nga 5 gjuheve t\u00eb parashikuara me ligj, prefereohet Anglishtja (niveli C1). P\u00ebr m\u00eb tep\u00ebr q\u00eb Anglishtja \u00ebsht\u00eb gjuh\u00eb zyrtare e dyt\u00eb krahas shqipes n\u00eb Polis p\u00ebr shkak t\u00eb nd\u00ebrkomb\u00ebtarizimit dhe preznec\u00ebs s\u00eb stafit t\u00eb huaj. Programi ka p\u00ebr q\u00ebllim pajisjen e student\u00ebve me njohuri t\u00eb thelluara teorike dhe aft\u00ebsi praktike p\u00ebr t\u00eb garantuar nj\u00eb karrier\u00eb t\u00eb suksesshme ne fush\u00ebn e restaurimit, konservimit dhe t\u00eb vler\u00ebsimit t\u00eb trash\u00ebgimis\u00eb kulturore n\u00eb qendrat urbane dhe n\u00eb zona me karakter t\u00eb fort\u00eb natyror. Ve\u00e7an\u00ebrisht student\u00ebt do t\u00eb jen\u00eb t\u00eb aft\u00eb t\u00eb analizojn\u00eb ne m\u00ebnyre kritike gjendjen ekzistuese t\u00eb trash\u00ebgimis\u00eb kulturore si dhe t\u00eb propozojn\u00eb m\u00eb tej nd\u00ebrhyrjet me t\u00eb p\u00ebshtashme konform me t\u00eb gjitha zhvillimet bashk\u00ebkohore n\u00eb k\u00ebt\u00eb fush\u00eb. N\u00eb p\u00ebrfundim t\u00eb programit Master Ekzekutiv n\u00eb Restaurim, Konservim dhe Valorizim t\u00eb Trash\u00ebgimis\u00eb Kulturore studenti do t\u00eb jet\u00eb i aft\u00eb t\u00eb: T\u00eb kuptoj\u00eb, analizoj\u00eb dhe vler\u00ebsoj\u00eb gjendjen aktuale t\u00eb trash\u00ebgimis\u00eb\u00a0dhe problematikat emergjente; T\u00eb hartoj\u00eb nj\u00eb metodologji t\u00eb p\u00ebrshtatshme studimi dhe bashk\u00ebpunimi me specialist\u00eb n\u00eb fusha t\u00eb ndryshme specifike; T\u00eb ket\u00eb aft\u00ebsi drejtuese, menaxhuese dhe p\u00ebrgjegjshm\u00ebri n\u00eb ambientin profesional n\u00eb \u00e7do faz\u00eb t\u00eb nj\u00eb nd\u00ebrhyrjeje; T\u00eb p\u00ebrvet\u00ebsoj\u00eb nj\u00eb m\u00ebnyr\u00eb\u00a0kritike t\u00eb menduari n\u00eb marrjen e vendimeve manaxheriale dhe t\u00eb ket\u00eb aft\u00ebsi efektive komunikuese; T\u00eb ket\u00eb njohuri t\u00eb plota n\u00eb aspektin teorik dhe praktik t\u00eb fush\u00ebs s\u00eb restaurimit dhe t\u00eb trash\u00ebgimis\u00eb kulturore dhe natyrore; T\u00eb jet\u00eb i aft\u00eb n\u00eb p\u00ebrdorimin e pajisjeve tradicionale dhe inovative t\u00eb rilevimit dhe t\u00eb teknikave t\u00eb ndryshme t\u00eb restaurimit; T\u00eb ket\u00eb ndjeshm\u00ebri artistike dhe njohuri inxhinierike; T\u00eb vler\u00ebsoj\u00eb dhe interpretoj trsh\u00ebgimin\u00eb n\u00eb var\u00ebsi t\u00eb nevojave t\u00eb tregut bashk\u00ebkohor; T\u00eb ket\u00eb aft\u00ebsi k\u00ebrkimore shkencore. RESTAURIM, KONSERVIM DHE VALORIZIM T\u00cb TRASH\u00cbGIMIS\u00cb KULTURORE Tarifat RESTAURO\u00a0 360,000 lek\u00eb \/viti Pranimi:Aplikant\u00ebt t\u00eb cil\u00ebt jan\u00eb t\u00eb interesuar p\u00ebr t\u00eb vazhduar studimet n\u00eb nj\u00eb nga programet e m\u00ebsip\u00ebrme mund t\u00eb p\u00ebrdorin linkun\u00a0APLIKO\u00a0n\u00eb t\u00eb cilin mund t\u00eb gjeni informacionin e nevojsh\u00ebm mbi dokumentacionin q\u00eb duhet t\u00eb dor\u00ebzoni dhe procedurat q\u00eb ndiqen p\u00ebr tu b\u00ebr\u00eb pjes\u00eb e Universitetit POLIS.Programi \u00ebsht\u00eb licensuar n\u00eb gjuh\u00ebn shqip. Por p\u00ebr shkak t\u00eb nd\u00ebrkombetarizimit t\u00eb shkoll\u00ebs, dhe prezences s\u00eb stafit cil\u00ebsor t\u00eb huaj, gjuha e dyt\u00eb zyrtare \u00ebsht\u00eb anglishtja. Diplomimi n\u00eb k\u00ebt\u00eb program parashikon sipas ligjit mbrojtjen e nj\u00eb nga 5 gjuh\u00ebve t\u00eb huaja (preferohet anglisht n\u00eb nivelin minimal Toefl B1).<\/p>\n","protected":false},"author":6,"featured_media":0,"parent":3651,"menu_order":3,"comment_status":"closed","ping_status":"closed","template":"","meta":{"footnotes":""},"class_list":["post-3709","page","type-page","status-publish","hentry","post-no-thumbnail"],"_links":{"self":[{"href":"https:\/\/universitetipolis.edu.al\/index.php?rest_route=\/wp\/v2\/pages\/3709","targetHints":{"allow":["GET"]}}],"collection":[{"href":"https:\/\/universitetipolis.edu.al\/index.php?rest_route=\/wp\/v2\/pages"}],"about":[{"href":"https:\/\/universitetipolis.edu.al\/index.php?rest_route=\/wp\/v2\/types\/page"}],"author":[{"embeddable":true,"href":"https:\/\/universitetipolis.edu.al\/index.php?rest_route=\/wp\/v2\/users\/6"}],"replies":[{"embeddable":true,"href":"https:\/\/universitetipolis.edu.al\/index.php?rest_route=%2Fwp%2Fv2%2Fcomments&post=3709"}],"version-history":[{"count":0,"href":"https:\/\/universitetipolis.edu.al\/index.php?rest_route=\/wp\/v2\/pages\/3709\/revisions"}],"up":[{"embeddable":true,"href":"https:\/\/universitetipolis.edu.al\/index.php?rest_route=\/wp\/v2\/pages\/3651"}],"wp:attachment":[{"href":"https:\/\/universitetipolis.edu.al\/index.php?rest_route=%2Fwp%2Fv2%2Fmedia&parent=3709"}],"curies":[{"name":"wp","href":"https:\/\/api.w.org\/{rel}","templated":true}]}}