{"id":3642,"date":"2022-05-09T12:51:51","date_gmt":"2022-05-09T12:51:51","guid":{"rendered":"https:\/\/universitetipolis.edu.al\/?page_id=3642"},"modified":"2026-02-12T09:20:00","modified_gmt":"2026-02-12T08:20:00","slug":"bachelor","status":"publish","type":"page","link":"https:\/\/universitetipolis.edu.al\/?page_id=3642","title":{"rendered":"Bachelor"},"content":{"rendered":"\t\t<div data-elementor-type=\"wp-page\" data-elementor-id=\"3642\" class=\"elementor elementor-3642\" data-elementor-post-type=\"page\">\n\t\t\t\t\t\t<section class=\"elementor-section elementor-top-section elementor-element elementor-element-f050a9e elementor-section-boxed elementor-section-gap-beside-yes elementor-section-height-default elementor-section-height-default elementor-section-column-vertical-align-stretch\" data-id=\"f050a9e\" data-element_type=\"section\" data-e-type=\"section\">\n\t\t\t\t\t\t<div class=\"elementor-container elementor-column-gap-extended\">\n\t\t\t\t\t<div class=\"elementor-column elementor-col-100 elementor-top-column elementor-element elementor-element-f32f191\" data-id=\"f32f191\" data-element_type=\"column\" data-e-type=\"column\">\n\t\t\t<div class=\"elementor-widget-wrap elementor-element-populated\">\n\t\t\t\t\t\t<div class=\"elementor-element elementor-element-1193b02 elementor-widget elementor-widget-text-editor\" data-id=\"1193b02\" data-element_type=\"widget\" data-e-type=\"widget\" data-widget_type=\"text-editor.default\">\n\t\t\t\t<div class=\"elementor-widget-container\">\n\t\t\t\t\t\t\t\t\t<p>P\u00ebr t\u00eb gjith\u00eb kandidat\u00ebt t\u00eb cil\u00ebt kan\u00eb mbyllur me sukses arsimin e mes\u00ebm, Universiteti POLIS, ofron disa mund\u00ebsi studimi t\u00eb m\u00ebtejshme, sipas profilit t\u00eb studimit dhe koh\u00ebzgjatjes s\u00eb programit.<\/p><p><strong>Studime t\u00eb\u00a0nivelit Bachelor:<\/strong><\/p>\t\t\t\t\t\t\t\t<\/div>\n\t\t\t\t<\/div>\n\t\t\t\t\t<\/div>\n\t\t<\/div>\n\t\t\t\t\t<\/div>\n\t\t<\/section>\n\t\t\t\t<section class=\"elementor-section elementor-top-section elementor-element elementor-element-70f7895 elementor-section-boxed elementor-section-gap-beside-yes elementor-section-height-default elementor-section-height-default elementor-section-column-vertical-align-stretch\" data-id=\"70f7895\" data-element_type=\"section\" data-e-type=\"section\">\n\t\t\t\t\t\t<div class=\"elementor-container elementor-column-gap-extended\">\n\t\t\t\t\t<div class=\"elementor-column elementor-col-33 elementor-top-column elementor-element elementor-element-a580900\" data-id=\"a580900\" data-element_type=\"column\" data-e-type=\"column\">\n\t\t\t<div class=\"elementor-widget-wrap elementor-element-populated\">\n\t\t\t\t\t\t<div class=\"elementor-element elementor-element-d5ee137 unicamp-animation-zoom-in unicamp-graphic-position-top elementor-widget elementor-widget-tm-cover-image-box\" data-id=\"d5ee137\" data-element_type=\"widget\" data-e-type=\"widget\" data-widget_type=\"tm-cover-image-box.default\">\n\t\t\t\t<div class=\"elementor-widget-container\">\n\t\t\t\t\t\t\t<a class=\"tm-cover-image-box unicamp-box style-03 link-secret\" href=\"https:\/\/universitetipolis.edu.al\/art-dhe-design\">\t\t<div class=\"content-wrap\">\n\t\t\t\t\t\t\t<div class=\"unicamp-image image\">\n\t\t\t\t\t<img decoding=\"async\"  loading=\"lazy\" src=\"https:\/\/universitetipolis.edu.al\/wp-content\/uploads\/2024\/10\/Art-Design-scaled.webp\" alt=\"Art Design\" \/>\t\t\t\t<\/div>\n\t\t\t\t\t\t<div class=\"box-caption-wrap\">\n\t\t\t\t<div class=\"box-caption\">\n\t\t\t\t\t<h3 class=\"title\">Art dhe Dizajn<\/h3>\n\t\t\t\t\t\n\t\t\t\t\t\t\t\t\t<\/div>\n\t\t\t<\/div>\n\t\t<\/div>\n\t\t<\/a>\t\t\t\t\t\t<\/div>\n\t\t\t\t<\/div>\n\t\t\t\t\t<\/div>\n\t\t<\/div>\n\t\t\t\t<div class=\"elementor-column elementor-col-33 elementor-top-column elementor-element elementor-element-6cfa837\" data-id=\"6cfa837\" data-element_type=\"column\" data-e-type=\"column\">\n\t\t\t<div class=\"elementor-widget-wrap elementor-element-populated\">\n\t\t\t\t\t\t<div class=\"elementor-element elementor-element-c42fdc0 unicamp-animation-zoom-in unicamp-graphic-position-top elementor-widget elementor-widget-tm-cover-image-box\" data-id=\"c42fdc0\" data-element_type=\"widget\" data-e-type=\"widget\" data-widget_type=\"tm-cover-image-box.default\">\n\t\t\t\t<div class=\"elementor-widget-container\">\n\t\t\t\t\t\t\t<a class=\"tm-cover-image-box unicamp-box style-03 link-secret\" href=\"https:\/\/universitetipolis.edu.al\/inxhinieri-ndertimi-2\/\">\t\t<div class=\"content-wrap\">\n\t\t\t\t\t\t\t<div class=\"unicamp-image image\">\n\t\t\t\t\t<img decoding=\"async\"  loading=\"lazy\" src=\"https:\/\/universitetipolis.edu.al\/wp-content\/uploads\/2024\/10\/Inxhinieri-ndertimi.webp\" alt=\"Inxhinieri ndertimi\" \/>\t\t\t\t<\/div>\n\t\t\t\t\t\t<div class=\"box-caption-wrap\">\n\t\t\t\t<div class=\"box-caption\">\n\t\t\t\t\t<h3 class=\"title\"> Inxhinieri Nd\u00ebrtimi<\/h3>\n\t\t\t\t\t\n\t\t\t\t\t\t\t\t\t<\/div>\n\t\t\t<\/div>\n\t\t<\/div>\n\t\t<\/a>\t\t\t\t\t\t<\/div>\n\t\t\t\t<\/div>\n\t\t\t\t\t<\/div>\n\t\t<\/div>\n\t\t\t\t<div class=\"elementor-column elementor-col-33 elementor-top-column elementor-element elementor-element-1668d5b\" data-id=\"1668d5b\" data-element_type=\"column\" data-e-type=\"column\">\n\t\t\t<div class=\"elementor-widget-wrap elementor-element-populated\">\n\t\t\t\t\t\t<div class=\"elementor-element elementor-element-5a96f2b unicamp-animation-zoom-in unicamp-graphic-position-top elementor-widget elementor-widget-tm-cover-image-box\" data-id=\"5a96f2b\" data-element_type=\"widget\" data-e-type=\"widget\" data-widget_type=\"tm-cover-image-box.default\">\n\t\t\t\t<div class=\"elementor-widget-container\">\n\t\t\t\t\t\t\t<a class=\"tm-cover-image-box unicamp-box style-03 link-secret\" href=\"https:\/\/universitetipolis.edu.al\/shkenca-kompjuterike-2\">\t\t<div class=\"content-wrap\">\n\t\t\t\t\t\t\t<div class=\"unicamp-image image\">\n\t\t\t\t\t<img decoding=\"async\"  loading=\"lazy\" src=\"https:\/\/universitetipolis.edu.al\/wp-content\/uploads\/2024\/10\/Shkenca-kompjiterike-scaled.webp\" alt=\"Shkenca kompjiterike\" \/>\t\t\t\t<\/div>\n\t\t\t\t\t\t<div class=\"box-caption-wrap\">\n\t\t\t\t<div class=\"box-caption\">\n\t\t\t\t\t<h3 class=\"title\">Shkenca Kompjuterike<\/h3>\n\t\t\t\t\t\n\t\t\t\t\t\t\t\t\t<\/div>\n\t\t\t<\/div>\n\t\t<\/div>\n\t\t<\/a>\t\t\t\t\t\t<\/div>\n\t\t\t\t<\/div>\n\t\t\t\t\t<\/div>\n\t\t<\/div>\n\t\t\t\t\t<\/div>\n\t\t<\/section>\n\t\t\t\t<section class=\"elementor-section elementor-top-section elementor-element elementor-element-5e1e94a elementor-section-boxed elementor-section-gap-beside-yes elementor-section-height-default elementor-section-height-default elementor-section-column-vertical-align-stretch\" data-id=\"5e1e94a\" data-element_type=\"section\" data-e-type=\"section\">\n\t\t\t\t\t\t<div class=\"elementor-container elementor-column-gap-extended\">\n\t\t\t\t\t<div class=\"elementor-column elementor-col-50 elementor-top-column elementor-element elementor-element-20957b9\" data-id=\"20957b9\" data-element_type=\"column\" data-e-type=\"column\">\n\t\t\t<div class=\"elementor-widget-wrap elementor-element-populated\">\n\t\t\t\t\t\t<div class=\"elementor-element elementor-element-37c7438 unicamp-animation-zoom-in elementor-widget__width-initial unicamp-graphic-position-top elementor-widget elementor-widget-tm-cover-image-box\" data-id=\"37c7438\" data-element_type=\"widget\" data-e-type=\"widget\" data-widget_type=\"tm-cover-image-box.default\">\n\t\t\t\t<div class=\"elementor-widget-container\">\n\t\t\t\t\t\t\t<a class=\"tm-cover-image-box unicamp-box style-03 link-secret\" href=\"https:\/\/universitetipolis.edu.al\/software-engineering-ai\/\">\t\t<div class=\"content-wrap\">\n\t\t\t\t\t\t\t<div class=\"unicamp-image image\">\n\t\t\t\t\t<img decoding=\"async\"  loading=\"lazy\" src=\"https:\/\/universitetipolis.edu.al\/wp-content\/uploads\/2025\/07\/SE-AI-scaled.jpg\" alt=\"SE &amp; AI\" \/>\t\t\t\t<\/div>\n\t\t\t\t\t\t<div class=\"box-caption-wrap\">\n\t\t\t\t<div class=\"box-caption\">\n\t\t\t\t\t<h3 class=\"title\">Software Engineering &amp; AI<\/h3>\n\t\t\t\t\t\n\t\t\t\t\t\t\t\t\t<\/div>\n\t\t\t<\/div>\n\t\t<\/div>\n\t\t<\/a>\t\t\t\t\t\t<\/div>\n\t\t\t\t<\/div>\n\t\t\t\t\t<\/div>\n\t\t<\/div>\n\t\t\t\t<div class=\"elementor-column elementor-col-50 elementor-top-column elementor-element elementor-element-a8b79f6\" data-id=\"a8b79f6\" data-element_type=\"column\" data-e-type=\"column\">\n\t\t\t<div class=\"elementor-widget-wrap elementor-element-populated\">\n\t\t\t\t\t\t<div class=\"elementor-element elementor-element-08b8bdf unicamp-animation-zoom-in elementor-widget__width-initial unicamp-graphic-position-top elementor-widget elementor-widget-tm-cover-image-box\" data-id=\"08b8bdf\" data-element_type=\"widget\" data-e-type=\"widget\" data-widget_type=\"tm-cover-image-box.default\">\n\t\t\t\t<div class=\"elementor-widget-container\">\n\t\t\t\t\t\t\t<a class=\"tm-cover-image-box unicamp-box style-03 link-secret\" href=\"https:\/\/universitetipolis.edu.al\/administrim-biznesi\/\">\t\t<div class=\"content-wrap\">\n\t\t\t\t\t\t\t<div class=\"unicamp-image image\">\n\t\t\t\t\t<img decoding=\"async\"  loading=\"lazy\" src=\"https:\/\/universitetipolis.edu.al\/wp-content\/uploads\/2024\/10\/Administrim-Biznesi.webp\" alt=\"Administrim Biznesi\" \/>\t\t\t\t<\/div>\n\t\t\t\t\t\t<div class=\"box-caption-wrap\">\n\t\t\t\t<div class=\"box-caption\">\n\t\t\t\t\t<h3 class=\"title\">Administrim Biznesi<\/h3>\n\t\t\t\t\t\n\t\t\t\t\t\t\t\t\t<\/div>\n\t\t\t<\/div>\n\t\t<\/div>\n\t\t<\/a>\t\t\t\t\t\t<\/div>\n\t\t\t\t<\/div>\n\t\t\t\t\t<\/div>\n\t\t<\/div>\n\t\t\t\t\t<\/div>\n\t\t<\/section>\n\t\t\t\t<section class=\"elementor-section elementor-top-section elementor-element elementor-element-81ea9cc elementor-section-boxed elementor-section-gap-beside-yes elementor-section-height-default elementor-section-height-default elementor-section-column-vertical-align-stretch\" data-id=\"81ea9cc\" data-element_type=\"section\" data-e-type=\"section\">\n\t\t\t\t\t\t<div class=\"elementor-container elementor-column-gap-extended\">\n\t\t\t\t\t<div class=\"elementor-column elementor-col-100 elementor-top-column elementor-element elementor-element-8bf64a2\" data-id=\"8bf64a2\" data-element_type=\"column\" data-e-type=\"column\">\n\t\t\t<div class=\"elementor-widget-wrap elementor-element-populated\">\n\t\t\t\t\t\t<div class=\"elementor-element elementor-element-fa5e51e elementor-widget elementor-widget-text-editor\" data-id=\"fa5e51e\" data-element_type=\"widget\" data-e-type=\"widget\" data-widget_type=\"text-editor.default\">\n\t\t\t\t<div class=\"elementor-widget-container\">\n\t\t\t\t\t\t\t\t\t<p>Programet e studimeve t\u00eb ciklit t\u00eb par\u00eb \u201cBachelor\u201d (BSc) n\u00eb Universitetin POLIS synojn\u00eb pajisjen e student\u00ebve me njohurit\u00eb baz\u00eb, mbi metoda e parime shkencore t\u00eb p\u00ebrgjithshme dhe formimin e shprehive t\u00eb ve\u00e7anta, n\u00eb nj\u00eb llojshm\u00ebri t\u00eb gjer\u00eb profesionesh e specialitetesh. K\u00ebto programe realizohen me 180 (nj\u00ebqind e tet\u00ebdhjet\u00eb) kredite europiane (ECTS) dhe me koh\u00ebzgjatje t\u00eb plot\u00eb gjat\u00eb 3 (tre) viteve akademike.<br \/>K\u00ebto programe shoq\u00ebrohen nga nj\u00eb infrastrukture e pasur laboratorike si: <em>5 Laboratore Kompjuterike, Laboratori mjedisit dhe i enrgjise, Laboratori IF-FabLab, Laboratori i Materialeve te ndertimit dhe strukturave Mola, Laboratori i fotografis\u00eb, piktur\u00ebs dhe qeramik\u00ebs, Inkubatori sipermarres dhe Biblioteka<\/em>.<br \/>N\u00eb p\u00ebrfundim t\u00eb programeve t\u00eb studimeve t\u00eb ciklit t\u00eb par\u00eb \u201cBachelor\u201d (BSc) l\u00ebshohet diplom\u00eb universitare \u201cBachelor\u201d sipas profilit t\u00eb programit t\u00eb studimit.<br \/>P\u00ebrve\u00e7<strong>\u00a0Programeve Bachelor<\/strong>\u00a0Polis ofron edhe\u00a0<strong>2 Programe <a href=\"https:\/\/universitetipolis.edu.al\/programe-te-integruara\/\" rel=\"noopener\">Master i Integruar<\/a>\u00a0 5-vjecar<\/strong> (Bachelor+MSc).<\/p>\t\t\t\t\t\t\t\t<\/div>\n\t\t\t\t<\/div>\n\t\t\t\t<div class=\"elementor-element elementor-element-d4ea8e8 unicamp-accordion-style-03 elementor-widget elementor-widget-tm-accordion\" data-id=\"d4ea8e8\" data-element_type=\"widget\" data-e-type=\"widget\" data-settings=\"{&quot;active_first_item&quot;:&quot;1&quot;}\" data-widget_type=\"tm-accordion.default\">\n\t\t\t\t<div class=\"elementor-widget-container\">\n\t\t\t\t\t\t\t<div class=\"unicamp-accordion unicamp-accordion-icon-right\">\n\t\t\t\t\t\t\t<div class=\"accordion-section active\">\n\t\t\t\t\t<div class=\"accordion-header\">\n\t\t\t\t\t\t<div class=\"accordion-title-wrapper\">\n\t\t\t\t\t\t\t<h6 class=\"accordion-title\">Tarifat<\/h6>\t\t\t\t\t\t<\/div>\n\t\t\t\t\t\t\t\t\t\t\t\t\t<div class=\"accordion-icons\">\n\t\t\t\t\t\t\t\t<span\n\t\t\t\t\t\t\t\t\tclass=\"accordion-icon opened-icon\"><i class=\"far fa-angle-down\"><\/i><\/span>\n\t\t\t\t\t\t\t\t<span\n\t\t\t\t\t\t\t\t\tclass=\"accordion-icon closed-icon\"><\/span>\n\t\t\t\t\t\t\t<\/div>\n\t\t\t\t\t\t\t\t\t\t\t<\/div>\n\t\t\t\t\t<div class=\"accordion-content\">\n\t\t\t\t\t\t<ul><li>BACHELOR N\u00cb ART DHE DIZAJN\u00a0 \u00a0 \u00a0 \u00a0 \u00a0 \u00a0 \u00a0 \u00a0 \u00a0 \u00a0180,000 lek\u00eb\/semest\u00ebr\u00a0\u00a0\u00a0<\/li><li>BACHELOR N\u00cb INXHINIERI ND\u00cbRTIMI\u00a0 \u00a0 \u00a0 \u00a0 \u00a0180,000 lek\u00eb \/semest\u00ebr\u00a0\u00a0<\/li><li>SHKENCA KOMPJUTERIKE\u00a0 \u00a0 \u00a0 \u00a0 \u00a0 \u00a0 \u00a0 \u00a0 \u00a0 \u00a0 \u00a0 \u00a0 \u00a0 \u00a0 \u00a0 150,000 lek\u00eb \/semest\u00ebr\u00a0\u00a0<\/li><li>BACHELOR N\u00cb ADMINISTRIM BIZNESI\u00a0 \u00a0 \u00a0 \u00a0 150,000 lek\u00eb \/semest\u00ebr\u00a0\u00a0<\/li><li>SOFTWARE ENGINEERING &amp; AI\u00a0 \u00a0 \u00a0 \u00a0 \u00a0 \u00a0 \u00a0 \u00a0 \u00a0 \u00a0 \u00a0 \u00a0 150,000 lek\u00eb \/semest\u00ebr\u00a0\u00a0<\/li><\/ul>\t\t\t\t\t<\/div>\n\t\t\t\t<\/div>\n\t\t\t\t\t<\/div>\n\t\t\t\t\t\t<\/div>\n\t\t\t\t<\/div>\n\t\t\t\t<div class=\"elementor-element elementor-element-9986d9e elementor-widget elementor-widget-text-editor\" data-id=\"9986d9e\" data-element_type=\"widget\" data-e-type=\"widget\" data-widget_type=\"text-editor.default\">\n\t\t\t\t<div class=\"elementor-widget-container\">\n\t\t\t\t\t\t\t\t\t<p><b><u>Pranimi:<\/u><\/b><br \/>Aplikant\u00ebt t\u00eb cil\u00ebt jan\u00eb t\u00eb interesuar p\u00ebr t\u00eb vazhduar studimet n\u00eb nj\u00eb nga programet Bachelor t\u00eb m\u00ebsip\u00ebrme mund t\u00eb p\u00ebrdorin linkun <strong><a href=\"https:\/\/universitetipolis.edu.al\/apliko-ne-universitetin-polis\/\" rel=\"noopener\"><u>APLIKO<\/u><\/a> <\/strong>n\u00eb t\u00eb cilin mund t\u00eb gjeni informacionin e nevojsh\u00ebm mbi dokumentacionin q\u00eb duhet t\u00eb dor\u00ebzoni dhe procedurat q\u00eb ndiqen p\u00ebr tu b\u00ebr\u00eb pjes\u00eb e Universitetit POLIS.<br \/>Programi \u00ebsht\u00eb <a href=\"https:\/\/universitetipolis.edu.al\/akreditimi\/\" rel=\"noopener\">licensuar<\/a> n\u00eb gjuh\u00ebn shqip. Por p\u00ebr shkak t\u00eb nd\u00ebrkombetarizimit t\u00eb shkoll\u00ebs, dhe prezences s\u00eb stafit cil\u00ebsor t\u00eb huaj, gjuha e dyt\u00eb zyrtare \u00ebsht\u00eb anglishtja. Diplomimi n\u00eb k\u00ebt\u00eb program parashikon sipas ligjit mbrojtjen e nj\u00eb nga 5 gjuh\u00ebve t\u00eb huaja (preferohet anglisht n\u00eb nivelin minimal Toefl B1).<\/p>\t\t\t\t\t\t\t\t<\/div>\n\t\t\t\t<\/div>\n\t\t\t\t\t<\/div>\n\t\t<\/div>\n\t\t\t\t\t<\/div>\n\t\t<\/section>\n\t\t\t\t<section class=\"elementor-section elementor-top-section elementor-element elementor-element-ed13a69 elementor-section-boxed elementor-section-gap-beside-yes elementor-section-height-default elementor-section-height-default elementor-section-column-vertical-align-stretch\" data-id=\"ed13a69\" data-element_type=\"section\" data-e-type=\"section\">\n\t\t\t\t\t\t<div class=\"elementor-container elementor-column-gap-extended\">\n\t\t\t\t\t<div class=\"elementor-column elementor-col-33 elementor-top-column elementor-element elementor-element-033589a\" data-id=\"033589a\" data-element_type=\"column\" data-e-type=\"column\">\n\t\t\t<div class=\"elementor-widget-wrap elementor-element-populated\">\n\t\t\t\t\t\t<div class=\"elementor-element elementor-element-84a9d54 elementor-widget elementor-widget-video\" data-id=\"84a9d54\" data-element_type=\"widget\" data-e-type=\"widget\" data-settings=\"{&quot;youtube_url&quot;:&quot;https:\\\/\\\/www.youtube.com\\\/watch?v=5TpqPzK2-ww&quot;,&quot;video_type&quot;:&quot;youtube&quot;,&quot;controls&quot;:&quot;yes&quot;}\" data-widget_type=\"video.default\">\n\t\t\t\t<div class=\"elementor-widget-container\">\n\t\t\t\t\t\t\t<div class=\"elementor-wrapper elementor-open-inline\">\n\t\t\t<div class=\"elementor-video\"><\/div>\t\t<\/div>\n\t\t\t\t\t\t<\/div>\n\t\t\t\t<\/div>\n\t\t\t\t\t<\/div>\n\t\t<\/div>\n\t\t\t\t<div class=\"elementor-column elementor-col-33 elementor-top-column elementor-element elementor-element-2dda7b8\" data-id=\"2dda7b8\" data-element_type=\"column\" data-e-type=\"column\">\n\t\t\t<div class=\"elementor-widget-wrap elementor-element-populated\">\n\t\t\t\t\t\t<div class=\"elementor-element elementor-element-225196e elementor-widget elementor-widget-video\" data-id=\"225196e\" data-element_type=\"widget\" data-e-type=\"widget\" data-settings=\"{&quot;youtube_url&quot;:&quot;https:\\\/\\\/www.youtube.com\\\/watch?v=5FCq_F-Lf-0&quot;,&quot;video_type&quot;:&quot;youtube&quot;,&quot;controls&quot;:&quot;yes&quot;}\" data-widget_type=\"video.default\">\n\t\t\t\t<div class=\"elementor-widget-container\">\n\t\t\t\t\t\t\t<div class=\"elementor-wrapper elementor-open-inline\">\n\t\t\t<div class=\"elementor-video\"><\/div>\t\t<\/div>\n\t\t\t\t\t\t<\/div>\n\t\t\t\t<\/div>\n\t\t\t\t\t<\/div>\n\t\t<\/div>\n\t\t\t\t<div class=\"elementor-column elementor-col-33 elementor-top-column elementor-element elementor-element-50c9aaf\" data-id=\"50c9aaf\" data-element_type=\"column\" data-e-type=\"column\">\n\t\t\t<div class=\"elementor-widget-wrap elementor-element-populated\">\n\t\t\t\t\t\t<div class=\"elementor-element elementor-element-22dd048 elementor-invisible elementor-widget elementor-widget-video\" data-id=\"22dd048\" data-element_type=\"widget\" data-e-type=\"widget\" data-settings=\"{&quot;youtube_url&quot;:&quot;https:\\\/\\\/www.youtube.com\\\/watch?v=vDz4kNBuB3k&quot;,&quot;_animation&quot;:&quot;bounceIn&quot;,&quot;video_type&quot;:&quot;youtube&quot;,&quot;controls&quot;:&quot;yes&quot;}\" data-widget_type=\"video.default\">\n\t\t\t\t<div class=\"elementor-widget-container\">\n\t\t\t\t\t\t\t<div class=\"elementor-wrapper elementor-open-inline\">\n\t\t\t<div class=\"elementor-video\"><\/div>\t\t<\/div>\n\t\t\t\t\t\t<\/div>\n\t\t\t\t<\/div>\n\t\t\t\t\t<\/div>\n\t\t<\/div>\n\t\t\t\t\t<\/div>\n\t\t<\/section>\n\t\t\t\t<section class=\"elementor-section elementor-top-section elementor-element elementor-element-55c027a elementor-section-boxed elementor-section-gap-beside-yes elementor-section-height-default elementor-section-height-default elementor-section-column-vertical-align-stretch\" data-id=\"55c027a\" data-element_type=\"section\" data-e-type=\"section\">\n\t\t\t\t\t\t<div class=\"elementor-container elementor-column-gap-extended\">\n\t\t\t\t\t<div class=\"elementor-column elementor-col-100 elementor-top-column elementor-element elementor-element-5cd4134\" data-id=\"5cd4134\" data-element_type=\"column\" data-e-type=\"column\">\n\t\t\t<div class=\"elementor-widget-wrap\">\n\t\t\t\t\t\t\t<\/div>\n\t\t<\/div>\n\t\t\t\t\t<\/div>\n\t\t<\/section>\n\t\t\t\t<\/div>\n\t\t","protected":false},"excerpt":{"rendered":"<p>P\u00ebr t\u00eb gjith\u00eb kandidat\u00ebt t\u00eb cil\u00ebt kan\u00eb mbyllur me sukses arsimin e mes\u00ebm, Universiteti POLIS, ofron disa mund\u00ebsi studimi t\u00eb m\u00ebtejshme, sipas profilit t\u00eb studimit dhe koh\u00ebzgjatjes s\u00eb programit. Studime t\u00eb\u00a0nivelit Bachelor: Art dhe Dizajn Inxhinieri Nd\u00ebrtimi Shkenca Kompjuterike Software Engineering &amp; AI Administrim Biznesi Programet e studimeve t\u00eb ciklit t\u00eb par\u00eb \u201cBachelor\u201d (BSc) n\u00eb Universitetin POLIS synojn\u00eb pajisjen e student\u00ebve me njohurit\u00eb baz\u00eb, mbi metoda e parime shkencore t\u00eb p\u00ebrgjithshme dhe formimin e shprehive t\u00eb ve\u00e7anta, n\u00eb nj\u00eb llojshm\u00ebri t\u00eb gjer\u00eb profesionesh e specialitetesh. K\u00ebto programe realizohen me 180 (nj\u00ebqind e tet\u00ebdhjet\u00eb) kredite europiane (ECTS) dhe me koh\u00ebzgjatje t\u00eb plot\u00eb gjat\u00eb 3 (tre) viteve akademike.K\u00ebto programe shoq\u00ebrohen nga nj\u00eb infrastrukture e pasur laboratorike si: 5 Laboratore Kompjuterike, Laboratori mjedisit dhe i enrgjise, Laboratori IF-FabLab, Laboratori i Materialeve te ndertimit dhe strukturave Mola, Laboratori i fotografis\u00eb, piktur\u00ebs dhe qeramik\u00ebs, Inkubatori sipermarres dhe Biblioteka.N\u00eb p\u00ebrfundim t\u00eb programeve t\u00eb studimeve t\u00eb ciklit t\u00eb par\u00eb \u201cBachelor\u201d (BSc) l\u00ebshohet diplom\u00eb universitare \u201cBachelor\u201d sipas profilit t\u00eb programit t\u00eb studimit.P\u00ebrve\u00e7\u00a0Programeve Bachelor\u00a0Polis ofron edhe\u00a02 Programe Master i Integruar\u00a0 5-vjecar (Bachelor+MSc). Tarifat BACHELOR N\u00cb ART DHE DIZAJN\u00a0 \u00a0 \u00a0 \u00a0 \u00a0 \u00a0 \u00a0 \u00a0 \u00a0 \u00a0180,000 lek\u00eb\/semest\u00ebr\u00a0\u00a0\u00a0 BACHELOR N\u00cb INXHINIERI ND\u00cbRTIMI\u00a0 \u00a0 \u00a0 \u00a0 \u00a0180,000 lek\u00eb \/semest\u00ebr\u00a0\u00a0 SHKENCA KOMPJUTERIKE\u00a0 \u00a0 \u00a0 \u00a0 \u00a0 \u00a0 \u00a0 \u00a0 \u00a0 \u00a0 \u00a0 \u00a0 \u00a0 \u00a0 \u00a0 150,000 lek\u00eb \/semest\u00ebr\u00a0\u00a0 BACHELOR N\u00cb ADMINISTRIM BIZNESI\u00a0 \u00a0 \u00a0 \u00a0 150,000 lek\u00eb \/semest\u00ebr\u00a0\u00a0 SOFTWARE ENGINEERING &amp; AI\u00a0 \u00a0 \u00a0 \u00a0 \u00a0 \u00a0 \u00a0 \u00a0 \u00a0 \u00a0 \u00a0 \u00a0 150,000 lek\u00eb \/semest\u00ebr\u00a0\u00a0 Pranimi:Aplikant\u00ebt t\u00eb cil\u00ebt jan\u00eb t\u00eb interesuar p\u00ebr t\u00eb vazhduar studimet n\u00eb nj\u00eb nga programet Bachelor t\u00eb m\u00ebsip\u00ebrme mund t\u00eb p\u00ebrdorin linkun APLIKO n\u00eb t\u00eb cilin mund t\u00eb gjeni informacionin e nevojsh\u00ebm mbi dokumentacionin q\u00eb duhet t\u00eb dor\u00ebzoni dhe procedurat q\u00eb ndiqen p\u00ebr tu b\u00ebr\u00eb pjes\u00eb e Universitetit POLIS.Programi \u00ebsht\u00eb licensuar n\u00eb gjuh\u00ebn shqip. Por p\u00ebr shkak t\u00eb nd\u00ebrkombetarizimit t\u00eb shkoll\u00ebs, dhe prezences s\u00eb stafit cil\u00ebsor t\u00eb huaj, gjuha e dyt\u00eb zyrtare \u00ebsht\u00eb anglishtja. Diplomimi n\u00eb k\u00ebt\u00eb program parashikon sipas ligjit mbrojtjen e nj\u00eb nga 5 gjuh\u00ebve t\u00eb huaja (preferohet anglisht n\u00eb nivelin minimal Toefl B1). https:\/\/www.youtube.com\/watch?v=5TpqPzK2-wwhttps:\/\/www.youtube.com\/watch?v=5FCq_F-Lf-0https:\/\/www.youtube.com\/watch?v=vDz4kNBuB3k<\/p>\n","protected":false},"author":6,"featured_media":0,"parent":0,"menu_order":0,"comment_status":"closed","ping_status":"closed","template":"","meta":{"footnotes":""},"class_list":["post-3642","page","type-page","status-publish","hentry","post-no-thumbnail"],"_links":{"self":[{"href":"https:\/\/universitetipolis.edu.al\/index.php?rest_route=\/wp\/v2\/pages\/3642","targetHints":{"allow":["GET"]}}],"collection":[{"href":"https:\/\/universitetipolis.edu.al\/index.php?rest_route=\/wp\/v2\/pages"}],"about":[{"href":"https:\/\/universitetipolis.edu.al\/index.php?rest_route=\/wp\/v2\/types\/page"}],"author":[{"embeddable":true,"href":"https:\/\/universitetipolis.edu.al\/index.php?rest_route=\/wp\/v2\/users\/6"}],"replies":[{"embeddable":true,"href":"https:\/\/universitetipolis.edu.al\/index.php?rest_route=%2Fwp%2Fv2%2Fcomments&post=3642"}],"version-history":[{"count":39,"href":"https:\/\/universitetipolis.edu.al\/index.php?rest_route=\/wp\/v2\/pages\/3642\/revisions"}],"predecessor-version":[{"id":30465,"href":"https:\/\/universitetipolis.edu.al\/index.php?rest_route=\/wp\/v2\/pages\/3642\/revisions\/30465"}],"wp:attachment":[{"href":"https:\/\/universitetipolis.edu.al\/index.php?rest_route=%2Fwp%2Fv2%2Fmedia&parent=3642"}],"curies":[{"name":"wp","href":"https:\/\/api.w.org\/{rel}","templated":true}]}}