{"id":28888,"date":"2025-09-18T08:46:48","date_gmt":"2025-09-18T06:46:48","guid":{"rendered":"https:\/\/universitetipolis.edu.al\/?page_id=28888"},"modified":"2025-09-19T13:19:43","modified_gmt":"2025-09-19T11:19:43","slug":"strategjia-e-sigurimit-te-brendshem-te-cilesise","status":"publish","type":"page","link":"https:\/\/universitetipolis.edu.al\/?page_id=28888","title":{"rendered":"Strategjia e Sigurimit t\u00eb Brendsh\u00ebm t\u00eb Cil\u00ebsis\u00eb"},"content":{"rendered":"\t\t<div data-elementor-type=\"wp-page\" data-elementor-id=\"28888\" class=\"elementor elementor-28888\" data-elementor-post-type=\"page\">\n\t\t\t\t\t\t<section class=\"elementor-section elementor-top-section elementor-element elementor-element-7f8936c elementor-section-boxed elementor-section-gap-beside-yes elementor-section-height-default elementor-section-height-default elementor-section-column-vertical-align-stretch\" data-id=\"7f8936c\" data-element_type=\"section\" data-e-type=\"section\">\n\t\t\t\t\t\t<div class=\"elementor-container elementor-column-gap-extended\">\n\t\t\t\t\t<div class=\"elementor-column elementor-col-100 elementor-top-column elementor-element elementor-element-68364fbb\" data-id=\"68364fbb\" data-element_type=\"column\" data-e-type=\"column\">\n\t\t\t<div class=\"elementor-widget-wrap elementor-element-populated\">\n\t\t\t\t\t\t<div class=\"elementor-element elementor-element-53cd601d elementor-widget elementor-widget-text-editor\" data-id=\"53cd601d\" data-element_type=\"widget\" data-e-type=\"widget\" data-widget_type=\"text-editor.default\">\n\t\t\t\t<div class=\"elementor-widget-container\">\n\t\t\t\t\t\t\t\t\tStrategjia e Sigurimit t\u00eb Brendsh\u00ebm t\u00eb Cil\u00ebsis\u00eb p\u00ebr periudh\u00ebn 2023-2027 \u00ebsht\u00eb hatuar duke u bazuar n\u00eb kornizat kryesore nd\u00ebrkomb\u00ebtare t\u00eb kualifikimit, si Standardet dhe Udh\u00ebzimet Evropiane p\u00ebr Sigurimin e Cil\u00ebsis\u00eb (ESG-s 2015), standardet nd\u00ebrkomb\u00ebtare t\u00eb bashk\u00ebpun\u00ebtor\u00ebve profesional\u00eb t\u00eb POLIS p\u00ebr programet q\u00eb ofron, aktet ligjore komb\u00ebtare t\u00eb Arsimit t\u00eb Lart\u00eb dhe Kodin e Cil\u00ebsis\u00eb n\u00eb Shqip\u00ebri, si dhe strategjis\u00eb s\u00eb m\u00ebparshme t\u00eb Sigurimit t\u00eb Cil\u00ebsis\u00eb n\u00eb POLIS 2017-2022.\n\nGjithashtu, zhvillimi i dimensionit nd\u00ebrkomb\u00ebtar t\u00eb Universitetit POLIS ve\u00e7an\u00ebrisht n\u00eb 5-6 vitet e fundit p\u00ebrmes ofrimit t\u00eb programeve t\u00eb p\u00ebrbashk\u00ebta studimore me partner\u00eb nd\u00ebrkomb\u00ebtar\u00eb, p\u00ebrfshirjes n\u00eb pro\u00e7eset nd\u00ebrkomb\u00ebtare t\u00eb akreditimit (si n\u00eb nivel programor ashtu edhe n\u00eb nivel institucional), zbatimit t\u00eb disa projekteve nd\u00ebrkomb\u00ebtare p\u00ebr ngritjen e kapaciteteve p\u00ebr sigurimin e cil\u00ebsis\u00eb kan\u00eb q\u00ebn\u00eb nj\u00eb mund\u00ebsi shum\u00eb e mir\u00eb dhe e vlefshme q\u00eb POLIS t\u00eb krijoj\u00eb nj\u00eb kuptim m\u00eb t\u00eb mir\u00eb t\u00eb pro\u00e7eseve, mekanizmave dhe instrumenteve t\u00eb sigurmit t\u00eb cil\u00ebsis\u00eb. T\u00eb gjith\u00eb element\u00ebt si m\u00eb lart kan\u00eb sh\u00ebrbyer q\u00eb univeristeti t\u00eb p\u00ebrcaktoj\u00eb prioritete t\u00eb rreja, politika m\u00eb t\u00eb p\u00ebrshtatshme dhe adekuate p\u00ebr sistemin e brendsh\u00ebm t\u00eb sigurimit t\u00eb cil\u00ebsis\u00eb.\n\nN\u00eb p\u00ebrputhje me objektivin e institucional t\u00eb p\u00ebrcaktuar edhe n\u00eb Strategjin\u00eb e Nd\u00ebrkomb\u00ebtarizimit p\u00ebr t&#8217;u b\u00ebr\u00eb nj\u00eb aktor relevant n\u00eb rajon, edhe politika e cil\u00ebsis\u00eb s\u00eb Universitetit POLIS \u00ebsht\u00eb hartuar sipas standardeve nd\u00ebrkomb\u00ebtare. Rrjedhimisht pro\u00e7eset dhe pro\u00e7edurat p\u00ebrkat\u00ebse bazohen gjithashtu n\u00eb udh\u00ebzime specifike nd\u00ebrkomb\u00ebtare p\u00ebr sigurimin e cil\u00ebsis\u00eb s\u00eb programeve t\u00eb p\u00ebrbashk\u00ebta dhe arsimit nd\u00ebrkomb\u00ebtar.\n\nStrategjia e Sigurimit t\u00eb Brendsh\u00ebm t\u00eb Cil\u00ebsis\u00eb p\u00ebr periudh\u00ebn 2023-2027 \u00ebsht\u00eb hartuar n\u00eb p\u00ebrputhje me dispozitat p\u00ebr sigurimin e cil\u00ebsis\u00eb n\u00eb Statutin e Universitetit POLIS (nenet 66-69) dhe Rregulloren e P\u00ebrgjithshme (nenet 90-93).\n\n<div style=\"text-align: center;\">\n  <img fetchpriority=\"high\" decoding=\"async\" class=\"alignnone size-medium wp-image-28920\" src=\"https:\/\/universitetipolis.edu.al\/wp-content\/uploads\/2025\/09\/NJBSC-Idea-300x170.png\" alt=\"\" width=\"300\" height=\"170\" srcset=\"https:\/\/universitetipolis.edu.al\/wp-content\/uploads\/2025\/09\/NJBSC-Idea-300x170.png 300w, https:\/\/universitetipolis.edu.al\/wp-content\/uploads\/2025\/09\/NJBSC-Idea.png 334w\" sizes=\"(max-width: 300px) 100vw, 300px\" \/>\n<\/div>\n\n<strong>Parimet themelore t\u00eb Politik\u00ebs p\u00ebr Sigurimin e Cil\u00ebsis\u00eb n\u00eb Universitetin POLIS jan\u00eb:<\/strong>\n<ul>\n \t<li style=\"list-style-type: none;\">\n<ul>\n \t<li style=\"list-style-type: none;\">\n<ul>\n \t<li><strong>Llogaridh\u00ebnia dhe P\u00ebrgjegj\u00ebsia<\/strong>: Stafi i komunitetit POLIS jan\u00eb kolektivish p\u00ebrgjegj\u00ebs p\u00ebr ruajtjen dhe rritjen e cil\u00ebsis\u00eb s\u00eb ofruar n\u00eb t\u00eb gjitha programet akademike, p\u00ebrmir\u00ebsimit t\u00eb cil\u00ebsis\u00eb s\u00eb p\u00ebrvoj\u00ebs s\u00eb t\u00eb nx\u00ebnit t\u00eb student\u00ebve, k\u00ebrkimit shkencorr si dhe p\u00ebr t\u00eb gjitha aktivitetet e tjera akademike t\u00eb kryera n\u00eb universitet.<\/li>\n \t<li><strong>Transparenca<\/strong>: Gjetjet dhe rezultatet e pro\u00e7eseve t\u00eb sigurimit t\u00eb cil\u00ebsis\u00eb u komunikohen t\u00eb gjitha pal\u00ebve t\u00eb interesuara dhe p\u00ebrdoren p\u00ebr t\u00eb forcuar m\u00eb tej kultur\u00ebn e transparenc\u00ebs dhe llogaridh\u00ebnies, ndaj pal\u00ebve t\u00eb treta dhe publikut t\u00eb gjer\u00eb.<\/li>\n \t<li><strong>Qasja e integruar dhe sistematike<\/strong>: Sigurimi i cil\u00ebsis\u00eb n\u00eb POLIS ka nj\u00eb qasje t\u00eb integruar dhe pro\u00e7ese t\u00eb p\u00ebrshtatshme q\u00eb synojn\u00eb t\u00eb p\u00ebrfshijn\u00eb m\u00ebsimdh\u00ebnien p\u00ebrmes formave t\u00eb t\u00eb nx\u00ebnit k\u00ebrkimor shkencor. Cil\u00ebsia institucionale\/programet vler\u00ebsohen n\u00eb baz\u00eb t\u00eb m\u00eb shum\u00eb se nj\u00eb t\u00eb dh\u00ebne t\u00eb grumbulluar n\u00eb forma t\u00eb ndryshme \u00e7ka mund\u00ebson analiza t\u00eb vazhdueshme si dhe zhvillim t\u00eb integruar p\u00ebr t\u00eb gjitha aktivitetet akademike.<\/li>\n \t<li><strong>Gjith\u00ebp\u00ebrfshirja<\/strong>: sigurimi i cil\u00ebsis\u00eb nuk mund t\u00eb sigurohet n\u00ebse t\u00eb gjith\u00eb aktor\u00ebt e brendsh\u00ebm nuk jan\u00eb t\u00eb informuar si\u00e7 duhet, t\u00eb vet\u00ebdijsh\u00ebm dhe nuk marrin p\u00ebrgjegj\u00ebsi, n\u00ebse nuk jan\u00eb t\u00eb angazhuar n\u00eb sigurimin e cil\u00ebsis\u00eb n\u00eb t\u00eb gjitha nivelet e institucionit, duke p\u00ebrfshir\u00eb nj\u00ebsit\u00eb specifike (IQAU), departamentet, udh\u00ebheqjen fare. nivelet, stafin e brendsh\u00ebm dhe student\u00ebt. P\u00ebrfshirja e aktor\u00ebve t\u00eb jasht\u00ebm n\u00eb sigurimin e cil\u00ebsis\u00eb \u00ebsht\u00eb gjithashtu e domosdoshme p\u00ebr t\u00eb p\u00ebrmir\u00ebsuar programet e studimit, p\u00ebr t&#8217;i afruar ato me nevojat e tregut t\u00eb pun\u00ebs dhe p\u00ebr t\u00eb nd\u00ebrtuar partneritete q\u00eb leht\u00ebsojn\u00eb vendosjen e student\u00ebve n\u00eb pun\u00eb dhe karrier\u00ebn.<\/li>\n \t<li><strong>Sigurimi i cil\u00ebsis\u00eb s\u00eb brendshme p\u00ebrkundrejt asaj t\u00eb jashtme<\/strong>: Sistemi i brendsh\u00ebm i sigurimit t\u00eb cil\u00ebsis\u00eb duhet t\u00eb analizohet dhe, kur \u00ebsht\u00eb e nevojshme, t\u00eb rishikohet n\u00eb m\u00ebnyr\u00eb q\u00eb t\u00eb p\u00ebrmbush\u00eb k\u00ebrkesat e sigurimit t\u00eb jasht\u00ebm t\u00eb cil\u00ebsis\u00eb. Harmonizimi i t\u00eb dyja niveleve jo vet\u00ebm q\u00eb forcon efektivitetin e sistemit t\u00eb brendsh\u00ebm, por gjithashtu leht\u00ebson njohjen institucionale nga autoritetet p\u00ebrkat\u00ebse dhe nxit bashk\u00ebpunimin me institucionet e tjera t\u00eb arsimit t\u00eb lart\u00eb.<\/li>\n \t<li><strong>P\u00ebrmir\u00ebsimi i vazhduesh\u00ebm<\/strong>: POLIS zhvillon n\u00eb m\u00ebnyr\u00eb t\u00eb vazhdueshme dhe ciklike procese t\u00eb brendshme sigurimi cil\u00ebsie. N\u00ebp\u00ebrmjet tyre analizohet gjendja aktuale, identifikohen dob\u00ebsit\u00eb dhe propozohet nd\u00ebrmarrja e masave p\u00ebrkat\u00ebse, duke p\u00ebrfshir\u00eb n\u00eb k\u00ebt\u00eb proces aktor\u00eb nga t\u00eb gjitha nivelet, p\u00ebrfshir\u00eb edhe student\u00ebt.<\/li>\n \t<li><strong>Politika e sigurimit t\u00eb cil\u00ebsis\u00eb kundrejt liris\u00eb dhe integritetit akademik<\/strong>: Politika institucionale e sigurimit t\u00eb cil\u00ebsis\u00eb nuk duhet t\u00eb kufizoj\u00eb apo pengoj\u00eb integritetin akademik, lirin\u00eb e mendimit, diversitetin, inovacionin dhe krijimtarin\u00eb shkencore. P\u00ebrkundrazi, ajo duhet t\u00eb garantoj\u00eb nj\u00eb mjedis t\u00eb hapur e gjith\u00ebp\u00ebrfshir\u00ebs, duke mb\u00ebshtetur zhvillimin akademik t\u00eb lir\u00eb dhe t\u00eb pavarur. Nj\u00ebkoh\u00ebsisht, politika duhet t\u00eb jet\u00eb e qart\u00eb dhe efektive n\u00eb parandalimin dhe sanksionimin e \u00e7do forme mashtrimi akademik, si dhe n\u00eb mbrojtjen e stafit, student\u00ebve dhe pal\u00ebve t\u00eb tjera nga \u00e7do form\u00eb intolerance apo diskriminimi.<\/li>\n<\/ul>\n<\/li>\n<\/ul>\n<\/li>\n<\/ul>\nKlikoni <a href=\"https:\/\/universitetipolis.edu.al\/wp-content\/uploads\/2023\/04\/1.Internal_Quality_Assurance_Strategy_2023-2027_compressed.pdf\">k\u00ebtu<\/a> dhe lexoni m\u00eb shum\u00eb rreth Strategjis\u00eb s\u00eb Sigurimit t\u00eb Brendsh\u00ebm t\u00eb Cil\u00ebsis\u00eb p\u00ebr periudh\u00ebn 2023-2027.\t\t\t\t\t\t\t\t<\/div>\n\t\t\t\t<\/div>\n\t\t\t\t\t<\/div>\n\t\t<\/div>\n\t\t\t\t\t<\/div>\n\t\t<\/section>\n\t\t\t\t<\/div>\n\t\t","protected":false},"excerpt":{"rendered":"<p>Strategjia e Sigurimit t\u00eb Brendsh\u00ebm t\u00eb Cil\u00ebsis\u00eb p\u00ebr periudh\u00ebn 2023-2027 \u00ebsht\u00eb hatuar duke u bazuar n\u00eb kornizat kryesore nd\u00ebrkomb\u00ebtare t\u00eb kualifikimit, si Standardet dhe Udh\u00ebzimet Evropiane p\u00ebr Sigurimin e Cil\u00ebsis\u00eb (ESG-s 2015), standardet nd\u00ebrkomb\u00ebtare t\u00eb bashk\u00ebpun\u00ebtor\u00ebve profesional\u00eb t\u00eb POLIS p\u00ebr programet q\u00eb ofron, aktet ligjore komb\u00ebtare t\u00eb Arsimit t\u00eb Lart\u00eb dhe Kodin e Cil\u00ebsis\u00eb n\u00eb Shqip\u00ebri, si dhe strategjis\u00eb s\u00eb m\u00ebparshme t\u00eb Sigurimit t\u00eb Cil\u00ebsis\u00eb n\u00eb POLIS 2017-2022. Gjithashtu, zhvillimi i dimensionit nd\u00ebrkomb\u00ebtar t\u00eb Universitetit POLIS ve\u00e7an\u00ebrisht n\u00eb 5-6 vitet e fundit p\u00ebrmes ofrimit t\u00eb programeve t\u00eb p\u00ebrbashk\u00ebta studimore me partner\u00eb nd\u00ebrkomb\u00ebtar\u00eb, p\u00ebrfshirjes n\u00eb pro\u00e7eset nd\u00ebrkomb\u00ebtare t\u00eb akreditimit (si n\u00eb nivel programor ashtu edhe n\u00eb nivel institucional), zbatimit t\u00eb disa projekteve nd\u00ebrkomb\u00ebtare p\u00ebr ngritjen e kapaciteteve p\u00ebr sigurimin e cil\u00ebsis\u00eb kan\u00eb q\u00ebn\u00eb nj\u00eb mund\u00ebsi shum\u00eb e mir\u00eb dhe e vlefshme q\u00eb POLIS t\u00eb krijoj\u00eb nj\u00eb kuptim m\u00eb t\u00eb mir\u00eb t\u00eb pro\u00e7eseve, mekanizmave dhe instrumenteve t\u00eb sigurmit t\u00eb cil\u00ebsis\u00eb. T\u00eb gjith\u00eb element\u00ebt si m\u00eb lart kan\u00eb sh\u00ebrbyer q\u00eb univeristeti t\u00eb p\u00ebrcaktoj\u00eb prioritete t\u00eb rreja, politika m\u00eb t\u00eb p\u00ebrshtatshme dhe adekuate p\u00ebr sistemin e brendsh\u00ebm t\u00eb sigurimit t\u00eb cil\u00ebsis\u00eb. N\u00eb p\u00ebrputhje me objektivin e institucional t\u00eb p\u00ebrcaktuar edhe n\u00eb Strategjin\u00eb e Nd\u00ebrkomb\u00ebtarizimit p\u00ebr t&#8217;u b\u00ebr\u00eb nj\u00eb aktor relevant n\u00eb rajon, edhe politika e cil\u00ebsis\u00eb s\u00eb Universitetit POLIS \u00ebsht\u00eb hartuar sipas standardeve nd\u00ebrkomb\u00ebtare. Rrjedhimisht pro\u00e7eset dhe pro\u00e7edurat p\u00ebrkat\u00ebse bazohen gjithashtu n\u00eb udh\u00ebzime specifike nd\u00ebrkomb\u00ebtare p\u00ebr sigurimin e cil\u00ebsis\u00eb s\u00eb programeve t\u00eb p\u00ebrbashk\u00ebta dhe arsimit nd\u00ebrkomb\u00ebtar. Strategjia e Sigurimit t\u00eb Brendsh\u00ebm t\u00eb Cil\u00ebsis\u00eb p\u00ebr periudh\u00ebn 2023-2027 \u00ebsht\u00eb hartuar n\u00eb p\u00ebrputhje me dispozitat p\u00ebr sigurimin e cil\u00ebsis\u00eb n\u00eb Statutin e Universitetit POLIS (nenet 66-69) dhe Rregulloren e P\u00ebrgjithshme (nenet 90-93). Parimet themelore t\u00eb Politik\u00ebs p\u00ebr Sigurimin e Cil\u00ebsis\u00eb n\u00eb Universitetin POLIS jan\u00eb: Llogaridh\u00ebnia dhe P\u00ebrgjegj\u00ebsia: Stafi i komunitetit POLIS jan\u00eb kolektivish p\u00ebrgjegj\u00ebs p\u00ebr ruajtjen dhe rritjen e cil\u00ebsis\u00eb s\u00eb ofruar n\u00eb t\u00eb gjitha programet akademike, p\u00ebrmir\u00ebsimit t\u00eb cil\u00ebsis\u00eb s\u00eb p\u00ebrvoj\u00ebs s\u00eb t\u00eb nx\u00ebnit t\u00eb student\u00ebve, k\u00ebrkimit shkencorr si dhe p\u00ebr t\u00eb gjitha aktivitetet e tjera akademike t\u00eb kryera n\u00eb universitet. Transparenca: Gjetjet dhe rezultatet e pro\u00e7eseve t\u00eb sigurimit t\u00eb cil\u00ebsis\u00eb u komunikohen t\u00eb gjitha pal\u00ebve t\u00eb interesuara dhe p\u00ebrdoren p\u00ebr t\u00eb forcuar m\u00eb tej kultur\u00ebn e transparenc\u00ebs dhe llogaridh\u00ebnies, ndaj pal\u00ebve t\u00eb treta dhe publikut t\u00eb gjer\u00eb. Qasja e integruar dhe sistematike: Sigurimi i cil\u00ebsis\u00eb n\u00eb POLIS ka nj\u00eb qasje t\u00eb integruar dhe pro\u00e7ese t\u00eb p\u00ebrshtatshme q\u00eb synojn\u00eb t\u00eb p\u00ebrfshijn\u00eb m\u00ebsimdh\u00ebnien p\u00ebrmes formave t\u00eb t\u00eb nx\u00ebnit k\u00ebrkimor shkencor. Cil\u00ebsia institucionale\/programet vler\u00ebsohen n\u00eb baz\u00eb t\u00eb m\u00eb shum\u00eb se nj\u00eb t\u00eb dh\u00ebne t\u00eb grumbulluar n\u00eb forma t\u00eb ndryshme \u00e7ka mund\u00ebson analiza t\u00eb vazhdueshme si dhe zhvillim t\u00eb integruar p\u00ebr t\u00eb gjitha aktivitetet akademike. Gjith\u00ebp\u00ebrfshirja: sigurimi i cil\u00ebsis\u00eb nuk mund t\u00eb sigurohet n\u00ebse t\u00eb gjith\u00eb aktor\u00ebt e brendsh\u00ebm nuk jan\u00eb t\u00eb informuar si\u00e7 duhet, t\u00eb vet\u00ebdijsh\u00ebm dhe nuk marrin p\u00ebrgjegj\u00ebsi, n\u00ebse nuk jan\u00eb t\u00eb angazhuar n\u00eb sigurimin e cil\u00ebsis\u00eb n\u00eb t\u00eb gjitha nivelet e institucionit, duke p\u00ebrfshir\u00eb nj\u00ebsit\u00eb specifike (IQAU), departamentet, udh\u00ebheqjen fare. nivelet, stafin e brendsh\u00ebm dhe student\u00ebt. P\u00ebrfshirja e aktor\u00ebve t\u00eb jasht\u00ebm n\u00eb sigurimin e cil\u00ebsis\u00eb \u00ebsht\u00eb gjithashtu e domosdoshme p\u00ebr t\u00eb p\u00ebrmir\u00ebsuar programet e studimit, p\u00ebr t&#8217;i afruar ato me nevojat e tregut t\u00eb pun\u00ebs dhe p\u00ebr t\u00eb nd\u00ebrtuar partneritete q\u00eb leht\u00ebsojn\u00eb vendosjen e student\u00ebve n\u00eb pun\u00eb dhe karrier\u00ebn. Sigurimi i cil\u00ebsis\u00eb s\u00eb brendshme p\u00ebrkundrejt asaj t\u00eb jashtme: Sistemi i brendsh\u00ebm i sigurimit t\u00eb cil\u00ebsis\u00eb duhet t\u00eb analizohet dhe, kur \u00ebsht\u00eb e nevojshme, t\u00eb rishikohet n\u00eb m\u00ebnyr\u00eb q\u00eb t\u00eb p\u00ebrmbush\u00eb k\u00ebrkesat e sigurimit t\u00eb jasht\u00ebm t\u00eb cil\u00ebsis\u00eb. Harmonizimi i t\u00eb dyja niveleve jo vet\u00ebm q\u00eb forcon efektivitetin e sistemit t\u00eb brendsh\u00ebm, por gjithashtu leht\u00ebson njohjen institucionale nga autoritetet p\u00ebrkat\u00ebse dhe nxit bashk\u00ebpunimin me institucionet e tjera t\u00eb arsimit t\u00eb lart\u00eb. P\u00ebrmir\u00ebsimi i vazhduesh\u00ebm: POLIS zhvillon n\u00eb m\u00ebnyr\u00eb t\u00eb vazhdueshme dhe ciklike procese t\u00eb brendshme sigurimi cil\u00ebsie. N\u00ebp\u00ebrmjet tyre analizohet gjendja aktuale, identifikohen dob\u00ebsit\u00eb dhe propozohet nd\u00ebrmarrja e masave p\u00ebrkat\u00ebse, duke p\u00ebrfshir\u00eb n\u00eb k\u00ebt\u00eb proces aktor\u00eb nga t\u00eb gjitha nivelet, p\u00ebrfshir\u00eb edhe student\u00ebt. Politika e sigurimit t\u00eb cil\u00ebsis\u00eb kundrejt liris\u00eb dhe integritetit akademik: Politika institucionale e sigurimit t\u00eb cil\u00ebsis\u00eb nuk duhet t\u00eb kufizoj\u00eb apo pengoj\u00eb integritetin akademik, lirin\u00eb e mendimit, diversitetin, inovacionin dhe krijimtarin\u00eb shkencore. P\u00ebrkundrazi, ajo duhet t\u00eb garantoj\u00eb nj\u00eb mjedis t\u00eb hapur e gjith\u00ebp\u00ebrfshir\u00ebs, duke mb\u00ebshtetur zhvillimin akademik t\u00eb lir\u00eb dhe t\u00eb pavarur. Nj\u00ebkoh\u00ebsisht, politika duhet t\u00eb jet\u00eb e qart\u00eb dhe efektive n\u00eb parandalimin dhe sanksionimin e \u00e7do forme mashtrimi akademik, si dhe n\u00eb mbrojtjen e stafit, student\u00ebve dhe pal\u00ebve t\u00eb tjera nga \u00e7do form\u00eb intolerance apo diskriminimi. Klikoni k\u00ebtu dhe lexoni m\u00eb shum\u00eb rreth Strategjis\u00eb s\u00eb Sigurimit t\u00eb Brendsh\u00ebm t\u00eb Cil\u00ebsis\u00eb p\u00ebr periudh\u00ebn 2023-2027.<\/p>\n","protected":false},"author":1217,"featured_media":0,"parent":0,"menu_order":0,"comment_status":"closed","ping_status":"closed","template":"","meta":{"footnotes":""},"class_list":["post-28888","page","type-page","status-publish","hentry","post-no-thumbnail"],"_links":{"self":[{"href":"https:\/\/universitetipolis.edu.al\/index.php?rest_route=\/wp\/v2\/pages\/28888","targetHints":{"allow":["GET"]}}],"collection":[{"href":"https:\/\/universitetipolis.edu.al\/index.php?rest_route=\/wp\/v2\/pages"}],"about":[{"href":"https:\/\/universitetipolis.edu.al\/index.php?rest_route=\/wp\/v2\/types\/page"}],"author":[{"embeddable":true,"href":"https:\/\/universitetipolis.edu.al\/index.php?rest_route=\/wp\/v2\/users\/1217"}],"replies":[{"embeddable":true,"href":"https:\/\/universitetipolis.edu.al\/index.php?rest_route=%2Fwp%2Fv2%2Fcomments&post=28888"}],"version-history":[{"count":16,"href":"https:\/\/universitetipolis.edu.al\/index.php?rest_route=\/wp\/v2\/pages\/28888\/revisions"}],"predecessor-version":[{"id":28929,"href":"https:\/\/universitetipolis.edu.al\/index.php?rest_route=\/wp\/v2\/pages\/28888\/revisions\/28929"}],"wp:attachment":[{"href":"https:\/\/universitetipolis.edu.al\/index.php?rest_route=%2Fwp%2Fv2%2Fmedia&parent=28888"}],"curies":[{"name":"wp","href":"https:\/\/api.w.org\/{rel}","templated":true}]}}