{"id":14826,"date":"2023-02-17T20:57:56","date_gmt":"2023-02-17T19:57:56","guid":{"rendered":"https:\/\/universitetipolis.edu.al\/?page_id=14826"},"modified":"2023-02-17T21:18:36","modified_gmt":"2023-02-17T20:18:36","slug":"konferenca-kombetare","status":"publish","type":"page","link":"https:\/\/universitetipolis.edu.al\/?page_id=14826","title":{"rendered":"Konferenca Komb\u00ebtare"},"content":{"rendered":"\t\t<div data-elementor-type=\"wp-page\" data-elementor-id=\"14826\" class=\"elementor elementor-14826\" data-elementor-post-type=\"page\">\n\t\t\t\t\t\t<section class=\"elementor-section elementor-top-section elementor-element elementor-element-8718ed3 elementor-section-boxed elementor-section-gap-beside-yes elementor-section-height-default elementor-section-height-default elementor-section-column-vertical-align-stretch\" data-id=\"8718ed3\" data-element_type=\"section\" data-e-type=\"section\">\n\t\t\t\t\t\t<div class=\"elementor-container elementor-column-gap-extended\">\n\t\t\t\t\t<div class=\"elementor-column elementor-col-100 elementor-top-column elementor-element elementor-element-7d96e47\" data-id=\"7d96e47\" data-element_type=\"column\" data-e-type=\"column\">\n\t\t\t<div class=\"elementor-widget-wrap elementor-element-populated\">\n\t\t\t\t\t\t<div class=\"elementor-element elementor-element-fa7d520 elementor-widget elementor-widget-text-editor\" data-id=\"fa7d520\" data-element_type=\"widget\" data-e-type=\"widget\" data-widget_type=\"text-editor.default\">\n\t\t\t\t<div class=\"elementor-widget-container\">\n\t\t\t\t\t\t\t\t\t<p>Universiteti POLIS, n\u00eb partneritet ose m\u00eb vete, organizon \u00e7do vit konferenca, simpoziume, dhe seminare me karakter lokal, komb\u00ebtar dhe nd\u00ebrkomb\u00ebtar p\u00ebr arsimin dhe shkenc\u00ebn, dhe sidomos n\u00eb fushat e tij t\u00eb interesit. Disa nga k\u00ebto evente jan\u00eb t\u00eb listuara m\u00eb posht\u00eb:<\/p><p><strong><em>Konferenca Komb\u00ebtare<\/em>:<\/strong><\/p><p><strong>2022 <\/strong>\u2013 \u201cInvestimet n\u00eb mjedis, investime strategjike p\u00ebr ekonomin\u00eb, mir\u00ebq\u00ebnien dhe t\u00eb ardhmen e q\u00ebndrueshme\u201d, konferenc\u00eb n\u00eb kuad\u00ebr t\u00eb Jav\u00ebs s\u00eb Tok\u00ebs 2022<\/p><p><strong>2020<\/strong> \u2013 \u201cT\u00eb mbrojm\u00eb specie tona\u201d, konferenc\u00eb n\u00eb kuad\u00ebr t\u00eb Jav\u00ebs s\u00eb Tok\u00ebs 2019<\/p><p><strong>2019<\/strong> \u2013 \u201cJo plastik\u00ebs\u201d, konferenc\u00eb n\u00eb kuad\u00ebr t\u00eb Jav\u00ebs s\u00eb Tok\u00ebs 2018<\/p><p><strong>2018<\/strong> \u2013 \u201cMjedisi dhe Q\u00ebndrueshm\u00ebria\u201d, konferenc\u00eb n\u00eb kuad\u00ebr t\u00eb Jav\u00ebs s\u00eb Tok\u00ebs 2017<\/p><p><strong>2015 <\/strong>\u2013 \u201cMbrojtja e Tok\u00ebs, nj\u00eb problem ekonomik, social dhe mjedisor\u201d, konferenc\u00eb n\u00eb kuad\u00ebr t\u00eb Jav\u00ebs s\u00eb Tok\u00ebs 2015<\/p>\t\t\t\t\t\t\t\t<\/div>\n\t\t\t\t<\/div>\n\t\t\t\t\t<\/div>\n\t\t<\/div>\n\t\t\t\t\t<\/div>\n\t\t<\/section>\n\t\t\t\t<\/div>\n\t\t","protected":false},"excerpt":{"rendered":"<p>Universiteti POLIS, n\u00eb partneritet ose m\u00eb vete, organizon \u00e7do vit konferenca, simpoziume, dhe seminare me karakter lokal, komb\u00ebtar dhe nd\u00ebrkomb\u00ebtar p\u00ebr arsimin dhe shkenc\u00ebn, dhe sidomos n\u00eb fushat e tij t\u00eb interesit. Disa nga k\u00ebto evente jan\u00eb t\u00eb listuara m\u00eb posht\u00eb: Konferenca Komb\u00ebtare: 2022 \u2013 \u201cInvestimet n\u00eb mjedis, investime strategjike p\u00ebr ekonomin\u00eb, mir\u00ebq\u00ebnien dhe t\u00eb ardhmen e q\u00ebndrueshme\u201d, konferenc\u00eb n\u00eb kuad\u00ebr t\u00eb Jav\u00ebs s\u00eb Tok\u00ebs 2022 2020 \u2013 \u201cT\u00eb mbrojm\u00eb specie tona\u201d, konferenc\u00eb n\u00eb kuad\u00ebr t\u00eb Jav\u00ebs s\u00eb Tok\u00ebs 2019 2019 \u2013 \u201cJo plastik\u00ebs\u201d, konferenc\u00eb n\u00eb kuad\u00ebr t\u00eb Jav\u00ebs s\u00eb Tok\u00ebs 2018 2018 \u2013 \u201cMjedisi dhe Q\u00ebndrueshm\u00ebria\u201d, konferenc\u00eb n\u00eb kuad\u00ebr t\u00eb Jav\u00ebs s\u00eb Tok\u00ebs 2017 2015 \u2013 \u201cMbrojtja e Tok\u00ebs, nj\u00eb problem ekonomik, social dhe mjedisor\u201d, konferenc\u00eb n\u00eb kuad\u00ebr t\u00eb Jav\u00ebs s\u00eb Tok\u00ebs 2015<\/p>\n","protected":false},"author":3,"featured_media":0,"parent":0,"menu_order":0,"comment_status":"closed","ping_status":"closed","template":"","meta":{"footnotes":""},"class_list":["post-14826","page","type-page","status-publish","hentry","post-no-thumbnail"],"_links":{"self":[{"href":"https:\/\/universitetipolis.edu.al\/index.php?rest_route=\/wp\/v2\/pages\/14826","targetHints":{"allow":["GET"]}}],"collection":[{"href":"https:\/\/universitetipolis.edu.al\/index.php?rest_route=\/wp\/v2\/pages"}],"about":[{"href":"https:\/\/universitetipolis.edu.al\/index.php?rest_route=\/wp\/v2\/types\/page"}],"author":[{"embeddable":true,"href":"https:\/\/universitetipolis.edu.al\/index.php?rest_route=\/wp\/v2\/users\/3"}],"replies":[{"embeddable":true,"href":"https:\/\/universitetipolis.edu.al\/index.php?rest_route=%2Fwp%2Fv2%2Fcomments&post=14826"}],"version-history":[{"count":0,"href":"https:\/\/universitetipolis.edu.al\/index.php?rest_route=\/wp\/v2\/pages\/14826\/revisions"}],"wp:attachment":[{"href":"https:\/\/universitetipolis.edu.al\/index.php?rest_route=%2Fwp%2Fv2%2Fmedia&parent=14826"}],"curies":[{"name":"wp","href":"https:\/\/api.w.org\/{rel}","templated":true}]}}