{"id":14719,"date":"2023-02-17T10:57:45","date_gmt":"2023-02-17T09:57:45","guid":{"rendered":"https:\/\/universitetipolis.edu.al\/?page_id=14719"},"modified":"2025-02-27T14:34:55","modified_gmt":"2025-02-27T13:34:55","slug":"senati-studentor-2","status":"publish","type":"page","link":"https:\/\/universitetipolis.edu.al\/?page_id=14719","title":{"rendered":"Senati Studentor"},"content":{"rendered":"\t\t<div data-elementor-type=\"wp-page\" data-elementor-id=\"14719\" class=\"elementor elementor-14719\" data-elementor-post-type=\"page\">\n\t\t\t\t\t\t<section class=\"elementor-section elementor-top-section elementor-element elementor-element-949040a elementor-section-boxed elementor-section-gap-beside-yes elementor-section-height-default elementor-section-height-default elementor-section-column-vertical-align-stretch\" data-id=\"949040a\" data-element_type=\"section\" data-e-type=\"section\">\n\t\t\t\t\t\t<div class=\"elementor-container elementor-column-gap-extended\">\n\t\t\t\t\t<div class=\"elementor-column elementor-col-100 elementor-top-column elementor-element elementor-element-c0a50f4\" data-id=\"c0a50f4\" data-element_type=\"column\" data-e-type=\"column\">\n\t\t\t<div class=\"elementor-widget-wrap elementor-element-populated\">\n\t\t\t\t\t\t<div class=\"elementor-element elementor-element-25c3260 elementor-widget elementor-widget-image\" data-id=\"25c3260\" data-element_type=\"widget\" data-e-type=\"widget\" data-widget_type=\"image.default\">\n\t\t\t\t<div class=\"elementor-widget-container\">\n\t\t\t\t\t\t\t\t\t\t\t\t\t\t\t<img decoding=\"async\" width=\"150\" height=\"150\" src=\"https:\/\/universitetipolis.edu.al\/wp-content\/uploads\/2023\/02\/Logo_Senati-Studentor_Png-150x150.png\" class=\"attachment-thumbnail size-thumbnail wp-image-14931\" alt=\"\" srcset=\"https:\/\/universitetipolis.edu.al\/wp-content\/uploads\/2023\/02\/Logo_Senati-Studentor_Png-150x150.png 150w, https:\/\/universitetipolis.edu.al\/wp-content\/uploads\/2023\/02\/Logo_Senati-Studentor_Png-300x300.png 300w, https:\/\/universitetipolis.edu.al\/wp-content\/uploads\/2023\/02\/Logo_Senati-Studentor_Png-100x100.png 100w, https:\/\/universitetipolis.edu.al\/wp-content\/uploads\/2023\/02\/Logo_Senati-Studentor_Png.png 596w\" sizes=\"(max-width: 150px) 100vw, 150px\" \/>\t\t\t\t\t\t\t\t\t\t\t\t\t\t\t<\/div>\n\t\t\t\t<\/div>\n\t\t\t\t\t<\/div>\n\t\t<\/div>\n\t\t\t\t\t<\/div>\n\t\t<\/section>\n\t\t\t\t<section class=\"elementor-section elementor-top-section elementor-element elementor-element-99aea48 elementor-section-boxed elementor-section-gap-beside-yes elementor-section-height-default elementor-section-height-default elementor-section-column-vertical-align-stretch\" data-id=\"99aea48\" data-element_type=\"section\" data-e-type=\"section\">\n\t\t\t\t\t\t<div class=\"elementor-container elementor-column-gap-extended\">\n\t\t\t\t\t<div class=\"elementor-column elementor-col-100 elementor-top-column elementor-element elementor-element-62570fb\" data-id=\"62570fb\" data-element_type=\"column\" data-e-type=\"column\">\n\t\t\t<div class=\"elementor-widget-wrap elementor-element-populated\">\n\t\t\t\t\t\t<div class=\"elementor-element elementor-element-4757303 elementor-widget elementor-widget-text-editor\" data-id=\"4757303\" data-element_type=\"widget\" data-e-type=\"widget\" data-widget_type=\"text-editor.default\">\n\t\t\t\t<div class=\"elementor-widget-container\">\n\t\t\t\t\t\t\t\t\t<p>\u201c<a href=\"https:\/\/www.facebook.com\/perfaqesiastudentorepolis\/\" target=\"_blank\" rel=\"noopener\"><strong><em>Senati Studentor<\/em><\/strong><\/a>\u201d \u00ebsht\u00eb pjes\u00eb e struktur\u00ebs t\u00eb Universitetit POLIS q\u00eb ushtron veprimtarin\u00eb e tij n\u00eb koordinim me organet drejtuese t\u00eb Universitetit. Q\u00ebllimi kryesor i <em>Senatit Studentor<\/em> \u00ebsht\u00eb angazhimi dhe aktivizimi i student\u00ebve n\u00eb aktivitete q\u00eb lidhen ngusht\u00eb me veprimtarit\u00eb akademike, por dhe me t\u00eb tjera q\u00eb promovojn\u00eb jet\u00ebn aktive dhe sociale t\u00eb student\u00ebve. Senati ka <a href=\"https:\/\/universitetipolis.edu.al\/wp-content\/uploads\/2023\/02\/Statuti-i-Senatit.pdf\" rel=\"noopener\"><strong><u>Statutin e tij<\/u><\/strong><\/a>, \u00ebsht\u00eb autonom, mb\u00ebshtetet nga Zyra e Mb\u00ebshtetjes s\u00eb Student\u00ebve dhe K\u00ebshillimit t\u00eb Karrier\u00ebs dhe p\u00ebrfaq\u00ebson z\u00ebrin e student\u00ebve n\u00eb unanimitet. U_POLIS ka nj\u00eb P\u00ebrfaq\u00ebsues Studenti t\u00eb zgjedhur p\u00ebrmes nj\u00eb procesi demokratik nga komuniteti bazuar n\u00eb rregulloren e tij. \u00c7do studim\/program ka p\u00ebrfaq\u00ebsuesin\/\u00ebt e tij, duke p\u00ebrmbushur proporcionalitetin p\u00ebrfaq\u00ebsues t\u00eb 1 P\u00ebrfaq\u00ebsuesi p\u00ebr 30 student\u00eb.<\/p><p>K\u00ebshilli i Student\u00ebve mblidhet n\u00eb m\u00ebnyr\u00eb periodike dhe aktive p\u00ebr t\u00eb diskutuar dhe menaxhuar:<\/p><ul><li>\u00c7\u00ebshtje Akademike<\/li><li>Aktivitete Sociale dhe Kulturore<\/li><li>Performanca ekipore n\u00eb Sportet e Student\u00ebve<\/li><li>Menaxhimi i Klubeve Studentore<\/li><li>Sugjerime dhe diskutime n\u00eb lidhje me angazhimin e student\u00ebve n\u00eb Nj\u00ebsin\u00eb e Sigurimit t\u00eb Cil\u00ebsis\u00eb dhe Senatin akademik, etj.<\/li><\/ul><p><strong>P\u00cbRFAQ\u00cbSIA E SENATIT STUDENTOR P\u00cbRB\u00cbHET NGA:<\/strong><\/p><p>\u00a0 \u00a0 <strong>\u00a0 a) STRUKTURAT E P\u00cbRHERSHME<\/strong><\/p><ol><li>Presidenti<\/li><li>Sekretari Organizativ<\/li><li>Senator\u00ebt e p\u00ebrzgjedhur t\u00eb \u00e7do klas\u00eb<\/li><li>P\u00ebrfaq\u00ebsues n\u00eb Senatin Akademik<\/li><li>P\u00ebrfaq\u00ebsues n\u00eb NJBSC<p><strong>b) STRUKTURAT E P\u00cbRKOHSHME:<\/strong><\/p><\/li><\/ol><ol><li>Grupet e pun\u00ebs (k\u00ebshilltar\u00eb\/k\u00ebshilltar\u00eb)<\/li><li>Klubet e Student\u00ebve<\/li><li>K\u00ebshilltar\u00ebt<\/li><\/ol><p>K\u00ebshilli Studentor organizon dhe menaxhon edhe klubet studentore p\u00ebrmes grupeve t\u00eb pun\u00ebs. An\u00ebtar\u00ebt kontribuojn\u00eb n\u00eb \u00e7do klub t\u00eb preferuar dhe jan\u00eb p\u00ebrgjegj\u00ebs p\u00ebr mir\u00ebmbajtjen dhe organizimin e tij. Grupet e pun\u00ebs mblidhen edhe p\u00ebr q\u00ebllime t\u00eb tjera t\u00eb paraqitura sipas nevoj\u00ebs: procese akademike, bashk\u00ebpunim me ZMSKK, etj.<\/p>\t\t\t\t\t\t\t\t<\/div>\n\t\t\t\t<\/div>\n\t\t\t\t\t<\/div>\n\t\t<\/div>\n\t\t\t\t\t<\/div>\n\t\t<\/section>\n\t\t\t\t<section class=\"elementor-section elementor-top-section elementor-element elementor-element-f7d517c elementor-section-boxed elementor-section-gap-beside-yes elementor-section-height-default elementor-section-height-default elementor-section-column-vertical-align-stretch\" data-id=\"f7d517c\" data-element_type=\"section\" data-e-type=\"section\">\n\t\t\t\t\t\t<div class=\"elementor-container elementor-column-gap-extended\">\n\t\t\t\t\t<div class=\"elementor-column elementor-col-50 elementor-top-column elementor-element elementor-element-9dd3da7\" data-id=\"9dd3da7\" data-element_type=\"column\" data-e-type=\"column\">\n\t\t\t<div class=\"elementor-widget-wrap elementor-element-populated\">\n\t\t\t\t\t\t<div class=\"elementor-element elementor-element-b45d55b unicamp-animation-zoom-in unicamp-graphic-position-top elementor-widget elementor-widget-tm-cover-image-box\" data-id=\"b45d55b\" data-element_type=\"widget\" data-e-type=\"widget\" data-widget_type=\"tm-cover-image-box.default\">\n\t\t\t\t<div class=\"elementor-widget-container\">\n\t\t\t\t\t\t\t<a class=\"tm-cover-image-box unicamp-box style-03 link-secret\" href=\"https:\/\/universitetipolis.edu.al\/wp-content\/uploads\/2024\/12\/2_035_Students_Council_Structure_2024-2025.pdf\" target=\"_blank\">\t\t<div class=\"content-wrap\">\n\t\t\t\t\t\t\t<div class=\"unicamp-image image\">\n\t\t\t\t\t<img decoding=\"async\"  loading=\"lazy\" src=\"https:\/\/universitetipolis.edu.al\/wp-content\/uploads\/2023\/02\/struktura-e-keshillit-studentor-scaled.jpg\" alt=\"struktura e keshillit studentor\" \/>\t\t\t\t<\/div>\n\t\t\t\t\t\t<div class=\"box-caption-wrap\">\n\t\t\t\t<div class=\"box-caption\">\n\t\t\t\t\t<h3 class=\"title\">Struktura e K\u00ebshillit Studentor<\/h3>\n\t\t\t\t\t\n\t\t\t\t\t\t\t\t\t<\/div>\n\t\t\t<\/div>\n\t\t<\/div>\n\t\t<\/a>\t\t\t\t\t\t<\/div>\n\t\t\t\t<\/div>\n\t\t\t\t\t<\/div>\n\t\t<\/div>\n\t\t\t\t<div class=\"elementor-column elementor-col-50 elementor-top-column elementor-element elementor-element-638fb89\" data-id=\"638fb89\" data-element_type=\"column\" data-e-type=\"column\">\n\t\t\t<div class=\"elementor-widget-wrap elementor-element-populated\">\n\t\t\t\t\t\t<div class=\"elementor-element elementor-element-5f5e891 unicamp-animation-zoom-in unicamp-graphic-position-top elementor-widget elementor-widget-tm-cover-image-box\" data-id=\"5f5e891\" data-element_type=\"widget\" data-e-type=\"widget\" data-widget_type=\"tm-cover-image-box.default\">\n\t\t\t\t<div class=\"elementor-widget-container\">\n\t\t\t\t\t\t\t<a class=\"tm-cover-image-box unicamp-box style-03 link-secret\" href=\"https:\/\/universitetipolis.edu.al\/wp-content\/uploads\/2025\/02\/Perfaqesia-Studentore-2024-2025_Draft.pdf\" target=\"_blank\">\t\t<div class=\"content-wrap\">\n\t\t\t\t\t\t\t<div class=\"unicamp-image image\">\n\t\t\t\t\t<img decoding=\"async\"  loading=\"lazy\" src=\"https:\/\/universitetipolis.edu.al\/wp-content\/uploads\/2023\/02\/pjesetaret-e-keshillit-studentor-scaled.jpg\" alt=\"pjesetaret e keshillit studentor\" \/>\t\t\t\t<\/div>\n\t\t\t\t\t\t<div class=\"box-caption-wrap\">\n\t\t\t\t<div class=\"box-caption\">\n\t\t\t\t\t<h3 class=\"title\">Pjes\u00ebtar\u00ebt e K\u00ebshillit Studentor<\/h3>\n\t\t\t\t\t\n\t\t\t\t\t\t\t\t\t<\/div>\n\t\t\t<\/div>\n\t\t<\/div>\n\t\t<\/a>\t\t\t\t\t\t<\/div>\n\t\t\t\t<\/div>\n\t\t\t\t\t<\/div>\n\t\t<\/div>\n\t\t\t\t\t<\/div>\n\t\t<\/section>\n\t\t\t\t<section class=\"elementor-section elementor-top-section elementor-element elementor-element-6eb0982 elementor-section-boxed elementor-section-gap-beside-yes elementor-section-height-default elementor-section-height-default elementor-section-column-vertical-align-stretch\" data-id=\"6eb0982\" data-element_type=\"section\" data-e-type=\"section\">\n\t\t\t\t\t\t<div class=\"elementor-container elementor-column-gap-extended\">\n\t\t\t\t\t<div class=\"elementor-column elementor-col-100 elementor-top-column elementor-element elementor-element-b8ecc7e\" data-id=\"b8ecc7e\" data-element_type=\"column\" data-e-type=\"column\">\n\t\t\t<div class=\"elementor-widget-wrap elementor-element-populated\">\n\t\t\t\t\t\t<div class=\"elementor-element elementor-element-2d8bc9f elementor-widget elementor-widget-text-editor\" data-id=\"2d8bc9f\" data-element_type=\"widget\" data-e-type=\"widget\" data-widget_type=\"text-editor.default\">\n\t\t\t\t<div class=\"elementor-widget-container\">\n\t\t\t\t\t\t\t\t\t<p>Kontakt:\u00a0<a href=\"mailto:senati_studentor@universitetipolis.edu.al\">senati_studentor@universitetipolis.edu.al<\/a><\/p>\t\t\t\t\t\t\t\t<\/div>\n\t\t\t\t<\/div>\n\t\t\t\t\t<\/div>\n\t\t<\/div>\n\t\t\t\t\t<\/div>\n\t\t<\/section>\n\t\t\t\t<\/div>\n\t\t","protected":false},"excerpt":{"rendered":"<p>\u201cSenati Studentor\u201d \u00ebsht\u00eb pjes\u00eb e struktur\u00ebs t\u00eb Universitetit POLIS q\u00eb ushtron veprimtarin\u00eb e tij n\u00eb koordinim me organet drejtuese t\u00eb Universitetit. Q\u00ebllimi kryesor i Senatit Studentor \u00ebsht\u00eb angazhimi dhe aktivizimi i student\u00ebve n\u00eb aktivitete q\u00eb lidhen ngusht\u00eb me veprimtarit\u00eb akademike, por dhe me t\u00eb tjera q\u00eb promovojn\u00eb jet\u00ebn aktive dhe sociale t\u00eb student\u00ebve. Senati ka Statutin e tij, \u00ebsht\u00eb autonom, mb\u00ebshtetet nga Zyra e Mb\u00ebshtetjes s\u00eb Student\u00ebve dhe K\u00ebshillimit t\u00eb Karrier\u00ebs dhe p\u00ebrfaq\u00ebson z\u00ebrin e student\u00ebve n\u00eb unanimitet. U_POLIS ka nj\u00eb P\u00ebrfaq\u00ebsues Studenti t\u00eb zgjedhur p\u00ebrmes nj\u00eb procesi demokratik nga komuniteti bazuar n\u00eb rregulloren e tij. \u00c7do studim\/program ka p\u00ebrfaq\u00ebsuesin\/\u00ebt e tij, duke p\u00ebrmbushur proporcionalitetin p\u00ebrfaq\u00ebsues t\u00eb 1 P\u00ebrfaq\u00ebsuesi p\u00ebr 30 student\u00eb. K\u00ebshilli i Student\u00ebve mblidhet n\u00eb m\u00ebnyr\u00eb periodike dhe aktive p\u00ebr t\u00eb diskutuar dhe menaxhuar: \u00c7\u00ebshtje Akademike Aktivitete Sociale dhe Kulturore Performanca ekipore n\u00eb Sportet e Student\u00ebve Menaxhimi i Klubeve Studentore Sugjerime dhe diskutime n\u00eb lidhje me angazhimin e student\u00ebve n\u00eb Nj\u00ebsin\u00eb e Sigurimit t\u00eb Cil\u00ebsis\u00eb dhe Senatin akademik, etj. P\u00cbRFAQ\u00cbSIA E SENATIT STUDENTOR P\u00cbRB\u00cbHET NGA: \u00a0 \u00a0 \u00a0 a) STRUKTURAT E P\u00cbRHERSHME Presidenti Sekretari Organizativ Senator\u00ebt e p\u00ebrzgjedhur t\u00eb \u00e7do klas\u00eb P\u00ebrfaq\u00ebsues n\u00eb Senatin Akademik P\u00ebrfaq\u00ebsues n\u00eb NJBSC b) STRUKTURAT E P\u00cbRKOHSHME: Grupet e pun\u00ebs (k\u00ebshilltar\u00eb\/k\u00ebshilltar\u00eb) Klubet e Student\u00ebve K\u00ebshilltar\u00ebt K\u00ebshilli Studentor organizon dhe menaxhon edhe klubet studentore p\u00ebrmes grupeve t\u00eb pun\u00ebs. An\u00ebtar\u00ebt kontribuojn\u00eb n\u00eb \u00e7do klub t\u00eb preferuar dhe jan\u00eb p\u00ebrgjegj\u00ebs p\u00ebr mir\u00ebmbajtjen dhe organizimin e tij. Grupet e pun\u00ebs mblidhen edhe p\u00ebr q\u00ebllime t\u00eb tjera t\u00eb paraqitura sipas nevoj\u00ebs: procese akademike, bashk\u00ebpunim me ZMSKK, etj. Struktura e K\u00ebshillit Studentor Pjes\u00ebtar\u00ebt e K\u00ebshillit Studentor Kontakt:\u00a0senati_studentor@universitetipolis.edu.al<\/p>\n","protected":false},"author":3,"featured_media":0,"parent":0,"menu_order":0,"comment_status":"closed","ping_status":"closed","template":"","meta":{"footnotes":""},"class_list":["post-14719","page","type-page","status-publish","hentry","post-no-thumbnail"],"_links":{"self":[{"href":"https:\/\/universitetipolis.edu.al\/index.php?rest_route=\/wp\/v2\/pages\/14719","targetHints":{"allow":["GET"]}}],"collection":[{"href":"https:\/\/universitetipolis.edu.al\/index.php?rest_route=\/wp\/v2\/pages"}],"about":[{"href":"https:\/\/universitetipolis.edu.al\/index.php?rest_route=\/wp\/v2\/types\/page"}],"author":[{"embeddable":true,"href":"https:\/\/universitetipolis.edu.al\/index.php?rest_route=\/wp\/v2\/users\/3"}],"replies":[{"embeddable":true,"href":"https:\/\/universitetipolis.edu.al\/index.php?rest_route=%2Fwp%2Fv2%2Fcomments&post=14719"}],"version-history":[{"count":9,"href":"https:\/\/universitetipolis.edu.al\/index.php?rest_route=\/wp\/v2\/pages\/14719\/revisions"}],"predecessor-version":[{"id":26770,"href":"https:\/\/universitetipolis.edu.al\/index.php?rest_route=\/wp\/v2\/pages\/14719\/revisions\/26770"}],"wp:attachment":[{"href":"https:\/\/universitetipolis.edu.al\/index.php?rest_route=%2Fwp%2Fv2%2Fmedia&parent=14719"}],"curies":[{"name":"wp","href":"https:\/\/api.w.org\/{rel}","templated":true}]}}